000
CXUS55 KGLD 010800
CF6ITR
PRELIMINARY LOCAL CLIMATOLOGICAL DATA (WS FORM: F-6)

                                          STATION:   BURLINGTON CO
                                          MONTH:     APRIL
                                          YEAR:      2015
                                          LATITUDE:   39 15 N
                                          LONGITUDE: 102 17 W

  TEMPERATURE IN F:       :PCPN:    SNOW:  WIND      :SUNSHINE: SKY     :PK WND
================================================================================
1   2   3   4   5  6A  6B    7    8   9   10  11  12  13   14  15   16   17  18
                                     12Z  AVG MX 2MIN
DY MAX MIN AVG DEP HDD CDD  WTR  SNW DPTH SPD SPD DIR MIN PSBL S-S WX    SPD DR
================================================================================

 1  81  44  63  19   2   0 0.03    M    M 14.6 41 330   M    M   1 8      51 330
 2  64  32  48   4  17   0 0.16    M    M 13.8 44 360   M    M   8 138    53 350
 3  51  28  40  -5  25   0 0.02    M    M  8.9 17  10   M    M   4 1      20  20
 4  67  33  50   5  15   0 0.00    M    M 15.8 28 200   M    M   0        34 190
 5  76  33  55  10  10   0 0.00    M    M 11.1 21 160   M    M   0        25 140
 6  76  41  59  14   6   0 0.00    M    M 13.3 24  90   M    M   0 1      31  90
 7  66  44  55   9  10   0 0.00    M    M  9.7 22  90   M    M   5 12     30  90
 8  67  41  54   8  11   0    T    M    M 15.9 30 130   M    M   6 12     37 130
 9  46  27  37  -9  28   0 0.08    M    M 17.5 36 330   M    M   8 1      43 360
10  65  27  46   0  19   0 0.00    M    M 13.2 39 170   M    M   1        49 170
11  74  34  54   8  11   0 0.00    M    M 13.0 28 180   M    M   0        33 190
12  77  42  60  13   5   0 0.00    M    M 15.7 38 320   M    M   2 1      54 300
13  65  27  46  -1  19   0 0.00    M    M 11.3 21 170   M    M   0        26 140
14  70  40  55   8  10   0 0.00    M    M 24.7 36 170   M    M   0        45 160
15  74  43  59  11   6   0 0.01    M    M 24.7 39 140   M    M   3 13     58 150
16  54  41  48   0  17   0 1.24    M    M 15.2 35  60   M    M  10 13     40  50
17  63  45  54   6  11   0 0.01    M    M 13.7 23 130   M    M   6 123    29 140
18  58  42  50   2  15   0 0.03    M    M 10.7 25  10   M    M   9 1      32  10
19  51  32  42  -7  23   0 0.58    M    M 20.0 35 360   M    M   5 13     46 360
20  59  30  45  -4  20   0 0.00    M    M  8.8 18 320   M    M   5        22 320
21  71  35  53   4  12   0 0.00    M    M 10.0 21  50   M    M   0        27 320
22  64  32  48  -2  17   0 0.00    M    M 13.8 26 180   M    M   0        34 170
23  76  43  60  10   5   0    T    M    M 16.1 30 160   M    M   4 1      36 170
24  73  46  60  10   5   0    T    M    M 10.5 30  20   M    M   4 123    36  30
25  71  42  57   6   8   0 0.00    M    M 12.5 26 110   M    M   2 12     33 120
26  50  42  46  -5  19   0 0.20    M    M 15.3 24  90   M    M  10 12     30  70
27  58  41  50  -2  15   0    T    M    M 15.2 26  50   M    M   5 1      31  40
28  63  39  51  -1  14   0 0.00    M    M  7.7 16  10   M    M   4        21  10
29  73  36  55   3  10   0 0.00    M    M 10.4 21 210   M    M   0        26 220
30  82  41  62   9   3   0 0.00    M    M 11.2 22 150   M    M   1        31 170
================================================================================
SM 1985 1123       388   0  2.36    M    414.3          M      103
================================================================================
AV 66.2 37.4                              13.8 FASTST   M    M   3    MAX(MPH)
                                 MISC ---->  # 44 360               # 58  150
================================================================================
NOTES:
# LAST OF SEVERAL OCCURRENCES

COLUMN 17 PEAK WIND IN M.P.H.

PRELIMINARY LOCAL CLIMATOLOGICAL DATA (WS FORM: F-6) , PAGE 2

                                          STATION:  BURLINGTON CO
                                          MONTH:    APRIL
                                          YEAR:     2015
                                          LATITUDE:   39 15 N
                                          LONGITUDE: 102 17 W

[TEMPERATURE DATA]      [PRECIPITATION DATA]       SYMBOLS USED IN COLUMN 16

AVERAGE MONTHLY: 51.8   TOTAL FOR MONTH:   2.36    1 = FOG OR MIST
DPTR FM NORMAL:   3.9   DPTR FM NORMAL:    0.90    2 = FOG REDUCING VISIBILITY
HIGHEST:    82 ON 30    GRTST 24HR  1.24 ON 16-16      TO 1/4 MILE OR LESS
LOWEST:     27 ON 13,10                            3 = THUNDER
                        SNOW, ICE PELLETS, HAIL    4 = ICE PELLETS
                        TOTAL MONTH:    M          5 = HAIL
                        GRTST 24HR    M  ON   M    6 = FREEZING RAIN OR DRIZZLE
                        GRTST DEPTH:  M  ON   M    7 = DUSTSTORM OR SANDSTORM:
                                                       VSBY 1/2 MILE OR LESS
                                                   8 = SMOKE OR HAZE
[NO. OF DAYS WITH]      [WEATHER - DAYS WITH]      9 = BLOWING SNOW
                                                   X = TORNADO
MAX 32 OR BELOW:   0    0.01 INCH OR MORE:  10
MAX 90 OR ABOVE:   0    0.10 INCH OR MORE:   4
MIN 32 OR BELOW:   8    0.50 INCH OR MORE:   2
MIN  0 OR BELOW:   0    1.00 INCH OR MORE:   1

[HDD (BASE 65) ]
TOTAL THIS MO.   388    CLEAR  (SCALE 0-3)  15
DPTR FM NORMAL  -125    PTCLDY (SCALE 4-7)  12
TOTAL FM JUL 1  5255    CLOUDY (SCALE 8-10)  3
DPTR FM NORMAL  -589

[CDD (BASE 65) ]
TOTAL THIS MO.     0
DPTR FM NORMAL    -1    [PRESSURE DATA]
TOTAL FM JAN 1     0    HIGHEST SLP M ON M
DPTR FM NORMAL    -1    LOWEST  SLP 29.42 ON 24

[REMARKS]
#FINAL-04-15#
