000
CDUS43 KGLD 040746 RRA
CLIITR

CLIMATE REPORT
NATIONAL WEATHER SERVICE GOODLAND
143 AM MDT MON MAY 4 2015

...................................

...THE BURLINGTON CO CLIMATE SUMMARY FOR MAY 3 2015...

CLIMATE NORMAL PERIOD 1981 TO 2010
CLIMATE RECORD PERIOD 1896 TO 2015

WEATHER ITEM   OBSERVED TIME   RECORD YEAR NORMAL DEPARTURE LAST
                VALUE   (LST)  VALUE       VALUE  FROM      YEAR
                                                  NORMAL
..................................................................
TEMPERATURE (F)
 YESTERDAY
  MAXIMUM         82    305 PM  87    1963  68     14       84
  MINIMUM         50    510 AM  21    1907  40     10       37
  AVERAGE         66                        54     12       61

PRECIPITATION (IN)
  YESTERDAY        0.14                      0.08   0.06     0.00
  MONTH TO DATE    0.14                      0.24  -0.10     0.00
  SINCE MAR 1      2.82                      2.59   0.23     0.64
  SINCE JAN 1      3.96                      3.39   0.57     1.34

..................................................................

THE BURLINGTON CO CLIMATE NORMALS FOR TODAY
                         NORMAL    RECORD    YEAR
 MAXIMUM TEMPERATURE (F)   68        92      1963
 MINIMUM TEMPERATURE (F)   40        27      2013

-  INDICATES NEGATIVE NUMBERS.
R  INDICATES RECORD WAS SET OR TIED.
MM INDICATES DATA IS MISSING.
T  INDICATES TRACE AMOUNT.

$$
