000
CDUS43 KGLD 220746
CLIITR

CLIMATE REPORT
NATIONAL WEATHER SERVICE GOODLAND
141 AM MDT WED APR 22 2015


...................................

...THE BURLINGTON CO CLIMATE SUMMARY FOR APRIL 21 2015...

CLIMATE NORMAL PERIOD 1981 TO 2010
CLIMATE RECORD PERIOD 1896 TO 2015


WEATHER ITEM   OBSERVED TIME   RECORD YEAR NORMAL DEPARTURE LAST
                VALUE   (LST)  VALUE       VALUE  FROM      YEAR
                                                  NORMAL
..................................................................
TEMPERATURE (F)
 YESTERDAY
  MAXIMUM         71    253 PM  92    1989  64      7       70
  MINIMUM         35    323 AM  10    1927  35      0       43
  AVERAGE         53                        49      4       57

PRECIPITATION (IN)
  YESTERDAY        0.00                      0.06  -0.06     0.00
  MONTH TO DATE    2.16                      0.87   1.29     0.36
  SINCE MAR 1      2.48                      1.76   0.72     0.57
  SINCE JAN 1      3.62                      2.56   1.06     1.27

..................................................................


THE BURLINGTON CO CLIMATE NORMALS FOR TODAY
                         NORMAL    RECORD    YEAR
 MAXIMUM TEMPERATURE (F)   64        93      1989
 MINIMUM TEMPERATURE (F)   36        17      1959



-  INDICATES NEGATIVE NUMBERS.
R  INDICATES RECORD WAS SET OR TIED.
MM INDICATES DATA IS MISSING.
T  INDICATES TRACE AMOUNT.

$$
