000
CDUS43 KGLD 130843 RRA
CLIITR

CLIMATE REPORT
NATIONAL WEATHER SERVICE GOODLAND
240 AM MDT MON APR 13 2015

...................................

...THE BURLINGTON CO CLIMATE SUMMARY FOR APRIL 12 2015...

CLIMATE NORMAL PERIOD 1981 TO 2010
CLIMATE RECORD PERIOD 1896 TO 2015

WEATHER ITEM   OBSERVED TIME   RECORD YEAR NORMAL DEPARTURE LAST
                VALUE   (LST)  VALUE       VALUE  FROM      YEAR
                                                  NORMAL
..................................................................
TEMPERATURE (F)
 YESTERDAY
  MAXIMUM         77   1146 AM  85    1998  61     16       80
  MINIMUM         42   1159 PM   5    1997  32     10       48
  AVERAGE         60                        47     13       64

PRECIPITATION (IN)
  YESTERDAY        0.00                      0.04  -0.04     0.00
  MONTH TO DATE    0.29                      0.38  -0.09     0.28
  SINCE MAR 1      0.61                      1.27  -0.66     0.49
  SINCE JAN 1      1.75                      2.07  -0.32     1.19

..................................................................

THE BURLINGTON CO CLIMATE NORMALS FOR TODAY
                         NORMAL    RECORD    YEAR
 MAXIMUM TEMPERATURE (F)   62        87      2006
 MINIMUM TEMPERATURE (F)   33         7      1997

-  INDICATES NEGATIVE NUMBERS.
R  INDICATES RECORD WAS SET OR TIED.
MM INDICATES DATA IS MISSING.
T  INDICATES TRACE AMOUNT.

$$
