000
CDUS43 KGLD 290043 RRA
CLIITR

CLIMATE REPORT
NATIONAL WEATHER SERVICE GOODLAND
641 PM MDT TUE APR 28 2015

...................................

...THE BURLINGTON CO CLIMATE SUMMARY FOR APRIL 28 2015...
VALID TODAY AS OF 0600 PM LOCAL TIME.

CLIMATE NORMAL PERIOD 1981 TO 2010
CLIMATE RECORD PERIOD 1896 TO 2015

WEATHER ITEM   OBSERVED TIME   RECORD YEAR NORMAL DEPARTURE LAST
                VALUE   (LST)  VALUE       VALUE  FROM      YEAR
                                                  NORMAL
..................................................................
TEMPERATURE (F)
 TODAY
  MAXIMUM         63    328 PM  93    1910  66     -3       56
  MINIMUM         39    518 AM  21    1984  38      1       36
  AVERAGE         51                        52     -1       46

PRECIPITATION (IN)
  TODAY            0.00                      0.07  -0.07     0.00
  MONTH TO DATE    2.36                      1.33   1.03     0.43
  SINCE MAR 1      2.68                      2.22   0.46     0.64
  SINCE JAN 1      3.82                      3.02   0.80     1.34

..................................................................

THE BURLINGTON CO CLIMATE NORMALS FOR TOMORROW
                         NORMAL    RECORD    YEAR
 MAXIMUM TEMPERATURE (F)   66        91      1934
 MINIMUM TEMPERATURE (F)   38        22      1907

-  INDICATES NEGATIVE NUMBERS.
R  INDICATES RECORD WAS SET OR TIED.
MM INDICATES DATA IS MISSING.
T  INDICATES TRACE AMOUNT.

$$
