000
CDUS43 KGLD 240748 RRA
CLIITR

CLIMATE REPORT
NATIONAL WEATHER SERVICE GOODLAND
143 AM MDT TUE MAR 24 2015


...................................

...THE BURLINGTON CO CLIMATE SUMMARY FOR MARCH 23 2015...

CLIMATE NORMAL PERIOD 1981 TO 2010
CLIMATE RECORD PERIOD 1896 TO 2015


WEATHER ITEM   OBSERVED TIME   RECORD YEAR NORMAL DEPARTURE LAST
                VALUE   (LST)  VALUE       VALUE  FROM      YEAR
                                                  NORMAL
..................................................................
TEMPERATURE (F)
 YESTERDAY
  MAXIMUM         61    257 PM  81    1910  57      4       52
  MINIMUM         35    554 AM   1    1965  27      8       13
  AVERAGE         48                        42      6       33

PRECIPITATION (IN)
  YESTERDAY        0.00                      0.03  -0.03     0.00
  MONTH TO DATE    0.23                      0.63  -0.40     0.20
  SINCE MAR 1      0.23                      0.63  -0.40     0.20
  SINCE JAN 1      1.37                      1.43  -0.06     0.90

..................................................................







THE BURLINGTON CO CLIMATE NORMALS FOR TODAY
                         NORMAL    RECORD    YEAR
 MAXIMUM TEMPERATURE (F)   57        83      2004
 MINIMUM TEMPERATURE (F)   27        -4      1965



-  INDICATES NEGATIVE NUMBERS.
R  INDICATES RECORD WAS SET OR TIED.
MM INDICATES DATA IS MISSING.
T  INDICATES TRACE AMOUNT.




$$
