000
CDUS43 KGLD 120806
CLIITR

CLIMATE REPORT
NATIONAL WEATHER SERVICE GOODLAND
202 AM MDT SUN APR 12 2015

...................................

...THE BURLINGTON CO CLIMATE SUMMARY FOR APRIL 11 2015...

CLIMATE NORMAL PERIOD 1981 TO 2010
CLIMATE RECORD PERIOD 1896 TO 2015

WEATHER ITEM   OBSERVED TIME   RECORD YEAR NORMAL DEPARTURE LAST
                VALUE   (LST)  VALUE       VALUE  FROM      YEAR
                                                  NORMAL
..................................................................
TEMPERATURE (F)
 YESTERDAY
  MAXIMUM         74    128 PM  91    1921  61     13       79
  MINIMUM         34    542 AM   9    2013  32      2       41
  AVERAGE         54                        46      8       60

PRECIPITATION (IN)
  YESTERDAY        0.00                      0.05  -0.05     0.00
  MONTH TO DATE    0.29                      0.34  -0.05     0.28
  SINCE MAR 1      0.61                      1.23  -0.62     0.49
  SINCE JAN 1      1.75                      2.03  -0.28     1.19

..................................................................

THE BURLINGTON CO CLIMATE NORMALS FOR TODAY
                         NORMAL    RECORD    YEAR
 MAXIMUM TEMPERATURE (F)   61        85      1998
 MINIMUM TEMPERATURE (F)   32         5      1997

-  INDICATES NEGATIVE NUMBERS.
R  INDICATES RECORD WAS SET OR TIED.
MM INDICATES DATA IS MISSING.
T  INDICATES TRACE AMOUNT.

$$
