000
CDUS43 KGLD 190047
CLIITR

CLIMATE REPORT
NATIONAL WEATHER SERVICE GOODLAND
641 PM MDT SAT APR 18 2015

...................................

...THE BURLINGTON CO CLIMATE SUMMARY FOR APRIL 18 2015...
VALID TODAY AS OF 0600 PM LOCAL TIME.

CLIMATE NORMAL PERIOD 1981 TO 2010
CLIMATE RECORD PERIOD 1896 TO 2015

WEATHER ITEM   OBSERVED TIME   RECORD YEAR NORMAL DEPARTURE LAST
                VALUE   (LST)  VALUE       VALUE  FROM      YEAR
                                                  NORMAL
..................................................................
TEMPERATURE (F)
 TODAY
  MAXIMUM         58    237 PM  88    2004  63     -5       77
                                      1948
  MINIMUM         42    533 AM  13    1944  34      8       36
  AVERAGE         50                        48      2       57

PRECIPITATION (IN)
  TODAY            0.01                      0.05  -0.04     0.00
  MONTH TO DATE    1.56                      0.69   0.87     0.36
  SINCE MAR 1      1.88                      1.58   0.30     0.57
  SINCE JAN 1      3.02                      2.38   0.64     1.27

..................................................................

THE BURLINGTON CO CLIMATE NORMALS FOR TOMORROW
                         NORMAL    RECORD    YEAR
 MAXIMUM TEMPERATURE (F)   63        89      2001
                                             1948
 MINIMUM TEMPERATURE (F)   34        17      1966

-  INDICATES NEGATIVE NUMBERS.
R  INDICATES RECORD WAS SET OR TIED.
MM INDICATES DATA IS MISSING.
T  INDICATES TRACE AMOUNT.

$$
