000
CDUS43 KGLD 080749 RRA
CLIITR

CLIMATE REPORT
NATIONAL WEATHER SERVICE GOODLAND
142 AM MDT WED APR 8 2015


...................................

...THE BURLINGTON CO CLIMATE SUMMARY FOR APRIL 7 2015...

CLIMATE NORMAL PERIOD 1981 TO 2010
CLIMATE RECORD PERIOD 1896 TO 2015


WEATHER ITEM   OBSERVED TIME   RECORD YEAR NORMAL DEPARTURE LAST
                VALUE   (LST)  VALUE       VALUE  FROM      YEAR
                                                  NORMAL
..................................................................
TEMPERATURE (F)
 YESTERDAY
  MAXIMUM         66    425 PM  86    1978  60      6       56
  MINIMUM         44    746 AM  14    1938  31     13       27
  AVERAGE         55                        46      9       42

PRECIPITATION (IN)
  YESTERDAY        0.00                      0.03  -0.03     0.00
  MONTH TO DATE    0.21                      0.18   0.03     0.28
  SINCE MAR 1      0.53                      1.07  -0.54     0.49
  SINCE JAN 1      1.67                      1.87  -0.20     1.19

..................................................................


THE BURLINGTON CO CLIMATE NORMALS FOR TODAY
                         NORMAL    RECORD    YEAR
 MAXIMUM TEMPERATURE (F)   60        85      1930
 MINIMUM TEMPERATURE (F)   31        10      1938
                                             1914


-  INDICATES NEGATIVE NUMBERS.
R  INDICATES RECORD WAS SET OR TIED.
MM INDICATES DATA IS MISSING.
T  INDICATES TRACE AMOUNT.

$$
