000
CDUS43 KGLD 150130 RRA
CLIITR

CLIMATE REPORT
NATIONAL WEATHER SERVICE GOODLAND
638 PM MDT TUE APR 14 2015

...................................

...THE BURLINGTON CO CLIMATE SUMMARY FOR APRIL 14 2015...
VALID TODAY AS OF 0600 PM LOCAL TIME.

CLIMATE NORMAL PERIOD 1981 TO 2010
CLIMATE RECORD PERIOD 1896 TO 2015


WEATHER ITEM   OBSERVED TIME   RECORD YEAR NORMAL DEPARTURE LAST
                VALUE   (LST)  VALUE       VALUE  FROM      YEAR
                                                  NORMAL
..................................................................
TEMPERATURE (F)
 TODAY
  MAXIMUM         70    153 PM  90    2006  62      8       39
  MINIMUM         40    520 AM  13    1997  33      7       21
                                      1933
  AVERAGE         55                        47      8       30

PRECIPITATION (IN)
  TODAY            0.00                      0.06  -0.06      T
  MONTH TO DATE    0.29                      0.49  -0.20     0.36
  SINCE MAR 1      0.61                      1.38  -0.77     0.57
  SINCE JAN 1      1.75                      2.18  -0.43     1.27

..................................................................


THE BURLINGTON CO CLIMATE NORMALS FOR TOMORROW
                         NORMAL    RECORD    YEAR
 MAXIMUM TEMPERATURE (F)   62        90      2002
                                             1995
 MINIMUM TEMPERATURE (F)   33        19      1905


-  INDICATES NEGATIVE NUMBERS.
R  INDICATES RECORD WAS SET OR TIED.
MM INDICATES DATA IS MISSING.
T  INDICATES TRACE AMOUNT.


$$
