000
CDUS43 KGLD 160758
CLIITR

CLIMATE REPORT
NATIONAL WEATHER SERVICE GOODLAND
154 AM MDT THU APR 16 2015

...................................

...THE BURLINGTON CO CLIMATE SUMMARY FOR APRIL 15 2015...

CLIMATE NORMAL PERIOD 1981 TO 2010
CLIMATE RECORD PERIOD 1896 TO 2015

WEATHER ITEM   OBSERVED TIME   RECORD YEAR NORMAL DEPARTURE LAST
                VALUE   (LST)  VALUE       VALUE  FROM      YEAR
                                                  NORMAL
..................................................................
TEMPERATURE (F)
 YESTERDAY
  MAXIMUM         74    139 PM  90    2002  62     12       65
                                      1995
  MINIMUM         43   1030 PM  19    1905  33     10       24
  AVERAGE         59                        48     11       45

PRECIPITATION (IN)
  YESTERDAY        0.01                      0.05  -0.04     0.00
  MONTH TO DATE    0.30                      0.54  -0.24     0.36
  SINCE MAR 1      0.62                      1.43  -0.81     0.57
  SINCE JAN 1      1.76                      2.23  -0.47     1.27

..................................................................

THE BURLINGTON CO CLIMATE NORMALS FOR TODAY
                         NORMAL    RECORD    YEAR
 MAXIMUM TEMPERATURE (F)   62        91      2002
 MINIMUM TEMPERATURE (F)   34        19      1956

-  INDICATES NEGATIVE NUMBERS.
R  INDICATES RECORD WAS SET OR TIED.
MM INDICATES DATA IS MISSING.
T  INDICATES TRACE AMOUNT.

$$
