000
CDUS43 KGLD 240751
CLIITR

CLIMATE REPORT
NATIONAL WEATHER SERVICE GOODLAND
147 AM MDT FRI APR 24 2015

...................................

...THE BURLINGTON CO CLIMATE SUMMARY FOR APRIL 23 2015...

CLIMATE NORMAL PERIOD 1981 TO 2010
CLIMATE RECORD PERIOD 1896 TO 2015


WEATHER ITEM   OBSERVED TIME   RECORD YEAR NORMAL DEPARTURE LAST
                VALUE   (LST)  VALUE       VALUE  FROM      YEAR
                                                  NORMAL
..................................................................
TEMPERATURE (F)
 YESTERDAY
  MAXIMUM         76    140 PM  90    1924  64     12       83
  MINIMUM         43   1208 AM  15    2013  36      7       47
  AVERAGE         60                        50     10       65

PRECIPITATION (IN)
  YESTERDAY        T                         0.06  -0.06     0.00
  MONTH TO DATE    2.16                      1.00   1.16     0.36
  SINCE MAR 1      2.48                      1.89   0.59     0.57
  SINCE JAN 1      3.62                      2.69   0.93     1.27

..................................................................


THE BURLINGTON CO CLIMATE NORMALS FOR TODAY
                         NORMAL    RECORD    YEAR
 MAXIMUM TEMPERATURE (F)   65        92      2012
 MINIMUM TEMPERATURE (F)   36        16      2013



-  INDICATES NEGATIVE NUMBERS.
R  INDICATES RECORD WAS SET OR TIED.
MM INDICATES DATA IS MISSING.
T  INDICATES TRACE AMOUNT.

$$
