000
CDUS43 KGLD 200749 RRA
CLIITR

CLIMATE REPORT
NATIONAL WEATHER SERVICE GOODLAND
137 AM MDT MON APR 20 2015

...................................

...THE BURLINGTON CO CLIMATE SUMMARY FOR APRIL 19 2015...

CLIMATE NORMAL PERIOD 1981 TO 2010
CLIMATE RECORD PERIOD 1896 TO 2015

WEATHER ITEM   OBSERVED TIME   RECORD YEAR NORMAL DEPARTURE LAST
                VALUE   (LST)  VALUE       VALUE  FROM      YEAR
                                                  NORMAL
..................................................................
TEMPERATURE (F)
 YESTERDAY
  MAXIMUM         51    334 PM  89    2001  63    -12       73
                                      1948
  MINIMUM         32   1159 PM  17    1966  34     -2       45
  AVERAGE         42                        49     -7       59

PRECIPITATION (IN)
  YESTERDAY        0.58                      0.06   0.52     0.00
  MONTH TO DATE    2.16                      0.75   1.41     0.36
  SINCE MAR 1      2.48                      1.64   0.84     0.57
  SINCE JAN 1      3.62                      2.44   1.18     1.27

..................................................................

THE BURLINGTON CO CLIMATE NORMALS FOR TODAY
                         NORMAL    RECORD    YEAR
 MAXIMUM TEMPERATURE (F)   63        89      1962
 MINIMUM TEMPERATURE (F)   35        21      1953

-  INDICATES NEGATIVE NUMBERS.
R  INDICATES RECORD WAS SET OR TIED.
MM INDICATES DATA IS MISSING.
T  INDICATES TRACE AMOUNT.

$$
