000
CDUS43 KGLD 010055
CLIITR

CLIMATE REPORT
NATIONAL WEATHER SERVICE GOODLAND
652 PM MDT TUE MAR 31 2015

...................................

...THE BURLINGTON CO CLIMATE SUMMARY FOR MARCH 31 2015...
VALID TODAY AS OF 0600 PM LOCAL TIME.

CLIMATE NORMAL PERIOD 1981 TO 2010
CLIMATE RECORD PERIOD 1896 TO 2015

WEATHER ITEM   OBSERVED TIME   RECORD YEAR NORMAL DEPARTURE LAST
                VALUE   (LST)  VALUE       VALUE  FROM      YEAR
                                                  NORMAL
..................................................................
TEMPERATURE (F)
 TODAY
  MAXIMUM         79    334 PM  85    1946  59     20       59
  MINIMUM         32    554 AM  11    1931  29      3       23
  AVERAGE         56                        44     12       41

PRECIPITATION (IN)
  TODAY            0.00                      0.04  -0.04     0.00
  MONTH TO DATE    0.32                      0.89  -0.57     0.21
  SINCE MAR 1      0.32                      0.89  -0.57     0.21
  SINCE JAN 1      1.46                      1.69  -0.23     0.91

..................................................................

THE BURLINGTON CO CLIMATE NORMALS FOR TOMORROW
                         NORMAL    RECORD    YEAR
 MAXIMUM TEMPERATURE (F)   59        87      2012
 MINIMUM TEMPERATURE (F)   29        11      1936

-  INDICATES NEGATIVE NUMBERS.
R  INDICATES RECORD WAS SET OR TIED.
MM INDICATES DATA IS MISSING.
T  INDICATES TRACE AMOUNT.

$$
