000
CDUS43 KGLD 020050
CLIMCK

CLIMATE REPORT
NATIONAL WEATHER SERVICE GOODLAND
645 PM MDT FRI MAY 1 2015
...................................

...THE MCCOOK NE CLIMATE SUMMARY FOR MAY 1 2015...
VALID TODAY AS OF 0600 PM LOCAL TIME.

CLIMATE NORMAL PERIOD 1981 TO 2010
CLIMATE RECORD PERIOD 1896 TO 2015

WEATHER ITEM   OBSERVED TIME   RECORD YEAR NORMAL DEPARTURE LAST
                VALUE   (LST)  VALUE       VALUE  FROM      YEAR
                                                  NORMAL
..................................................................
TEMPERATURE (F)
 TODAY
  MAXIMUM         80    418 PM  98    1928  69     11       62
  MINIMUM         56    732 AM  14    1909  41     15       35
  AVERAGE         68                        55     13       49

PRECIPITATION (IN)
  TODAY            0.00                      0.09  -0.09     0.00
  MONTH TO DATE    0.00                      0.09  -0.09     0.00
  SINCE MAR 1      1.98                      3.76  -1.78     1.37
  SINCE JAN 1      2.32                      4.89  -2.57     1.86

..................................................................

THE MCCOOK NE CLIMATE NORMALS FOR TOMORROW
                         NORMAL    RECORD    YEAR
 MAXIMUM TEMPERATURE (F)   70        96      1959
 MINIMUM TEMPERATURE (F)   41        24      2005
                                             1989

-  INDICATES NEGATIVE NUMBERS.
R  INDICATES RECORD WAS SET OR TIED.
MM INDICATES DATA IS MISSING.
T  INDICATES TRACE AMOUNT.

$$
