000
CDUS43 KGLD 150822
CLIMCK

CLIMATE REPORT
NATIONAL WEATHER SERVICE GOODLAND
219 AM MDT WED APR 15 2015

...................................

...THE MCCOOK NE CLIMATE SUMMARY FOR APRIL 14 2015...

CLIMATE NORMAL PERIOD 1981 TO 2010
CLIMATE RECORD PERIOD 1896 TO 2015

WEATHER ITEM   OBSERVED TIME   RECORD YEAR NORMAL DEPARTURE LAST
                VALUE   (LST)  VALUE       VALUE  FROM      YEAR
                                                  NORMAL
..................................................................
TEMPERATURE (F)
 YESTERDAY
  MAXIMUM         72    313 PM  92    1940  64      8       46
  MINIMUM         41    409 AM  14    1928  34      7       26
  AVERAGE         57                        49      8       36

PRECIPITATION (IN)
  YESTERDAY        0.00                      0.07  -0.07     0.00
  MONTH TO DATE    0.41                      0.87  -0.46     0.78
  SINCE MAR 1      0.44                      2.23  -1.79     1.04
  SINCE JAN 1      0.78                      3.36  -2.58     1.53

..................................................................

THE MCCOOK NE CLIMATE NORMALS FOR TODAY
                         NORMAL    RECORD    YEAR
 MAXIMUM TEMPERATURE (F)   64        97      2002
 MINIMUM TEMPERATURE (F)   34        19      1983

-  INDICATES NEGATIVE NUMBERS.
R  INDICATES RECORD WAS SET OR TIED.
MM INDICATES DATA IS MISSING.
T  INDICATES TRACE AMOUNT.

$$
