000
CDUS43 KGLD 170743 RRB
CLIMCK

CLIMATE REPORT
NATIONAL WEATHER SERVICE GOODLAND
139 AM MDT FRI APR 17 2015

...................................

...THE MCCOOK NE CLIMATE SUMMARY FOR APRIL 16 2015...

CLIMATE NORMAL PERIOD 1981 TO 2010
CLIMATE RECORD PERIOD 1896 TO 2015

WEATHER ITEM   OBSERVED TIME   RECORD YEAR NORMAL DEPARTURE LAST
                VALUE   (LST)  VALUE       VALUE  FROM      YEAR
                                                  NORMAL
..................................................................
TEMPERATURE (F)
 YESTERDAY
  MAXIMUM         58    608 PM  90    1964  65     -7       60
  MINIMUM         52    739 AM  18    1951  35     17       32
  AVERAGE         55                        50      5       46

PRECIPITATION (IN)
  YESTERDAY        0.06                      0.09  -0.03     0.00
  MONTH TO DATE    0.77                      1.04  -0.27     0.78
  SINCE MAR 1      0.80                      2.40  -1.60     1.04
  SINCE JAN 1      1.14                      3.53  -2.39     1.53

..................................................................

THE MCCOOK NE CLIMATE NORMALS FOR TODAY
                         NORMAL    RECORD    YEAR
 MAXIMUM TEMPERATURE (F)   65        90      1946
 MINIMUM TEMPERATURE (F)   35        20      1961

-  INDICATES NEGATIVE NUMBERS.
R  INDICATES RECORD WAS SET OR TIED.
MM INDICATES DATA IS MISSING.
T  INDICATES TRACE AMOUNT.

$$
