000
CDUS43 KGLD 090055
CLIMCK

CLIMATE REPORT
NATIONAL WEATHER SERVICE GOODLAND
650 PM MDT WED APR 8 2015

...................................

...THE MCCOOK NE CLIMATE SUMMARY FOR APRIL 8 2015...
VALID TODAY AS OF 0600 PM LOCAL TIME.

CLIMATE NORMAL PERIOD 1981 TO 2010
CLIMATE RECORD PERIOD 1896 TO 2015


WEATHER ITEM   OBSERVED TIME   RECORD YEAR NORMAL DEPARTURE LAST
                VALUE   (LST)  VALUE       VALUE  FROM      YEAR
                                                  NORMAL
..................................................................
TEMPERATURE (F)
 TODAY
  MAXIMUM         48    338 PM  93    1978  62    -14       67
  MINIMUM         42    740 AM  12    1914  31     11       26
  AVERAGE         45                        47     -2       47

PRECIPITATION (IN)
  TODAY            T                         0.06  -0.06     0.00
  MONTH TO DATE    0.34                      0.44  -0.10     0.19
  SINCE MAR 1      0.37                      1.80  -1.43     0.45
  SINCE JAN 1      0.71                      2.93  -2.22     0.94

..................................................................


THE MCCOOK NE CLIMATE NORMALS FOR TOMORROW
                         NORMAL    RECORD    YEAR
 MAXIMUM TEMPERATURE (F)   62        95      1930
 MINIMUM TEMPERATURE (F)   32        15      1982



-  INDICATES NEGATIVE NUMBERS.
R  INDICATES RECORD WAS SET OR TIED.
MM INDICATES DATA IS MISSING.
T  INDICATES TRACE AMOUNT.

$$
