000
CDUS43 KGLD 230100
CLIMCK

CLIMATE REPORT
NATIONAL WEATHER SERVICE GOODLAND
656 PM MDT WED APR 22 2015

...................................

...THE MCCOOK NE CLIMATE SUMMARY FOR APRIL 22 2015...
VALID TODAY AS OF 0600 PM LOCAL TIME.

CLIMATE NORMAL PERIOD 1981 TO 2010
CLIMATE RECORD PERIOD 1896 TO 2015


WEATHER ITEM   OBSERVED TIME   RECORD YEAR NORMAL DEPARTURE LAST
                VALUE   (LST)  VALUE       VALUE  FROM      YEAR
                                                  NORMAL
..................................................................
TEMPERATURE (F)
 TODAY
  MAXIMUM         63    459 PM  96    1989  67     -4       78
  MINIMUM         33    632 AM  17    1912  37     -4       43
  AVERAGE         48                        52     -4       61

PRECIPITATION (IN)
  TODAY            0.00                      0.09  -0.09     0.00
  MONTH TO DATE    1.54                      1.56  -0.02     0.84
  SINCE MAR 1      1.57                      2.92  -1.35     1.10
  SINCE JAN 1      1.91                      4.05  -2.14     1.59

..................................................................


THE MCCOOK NE CLIMATE NORMALS FOR TOMORROW
                         NORMAL    RECORD    YEAR
 MAXIMUM TEMPERATURE (F)   67        98      1939
 MINIMUM TEMPERATURE (F)   37        25      1987


-  INDICATES NEGATIVE NUMBERS.
R  INDICATES RECORD WAS SET OR TIED.
MM INDICATES DATA IS MISSING.
T  INDICATES TRACE AMOUNT.


$$
