000
CDUS43 KGLD 130844 RRA
CLIMCK

CLIMATE REPORT
NATIONAL WEATHER SERVICE GOODLAND
240 AM MDT MON APR 13 2015
...................................

...THE MCCOOK NE CLIMATE SUMMARY FOR APRIL 12 2015...

CLIMATE NORMAL PERIOD 1981 TO 2010
CLIMATE RECORD PERIOD 1896 TO 2015

WEATHER ITEM   OBSERVED TIME   RECORD YEAR NORMAL DEPARTURE LAST
                VALUE   (LST)  VALUE       VALUE  FROM      YEAR
                                                  NORMAL
..................................................................
TEMPERATURE (F)
 YESTERDAY
  MAXIMUM         82    353 PM  91    1931  63     19       81
  MINIMUM         43   1154 PM  12    1997  33     10       44
  AVERAGE         63                        48     15       63

PRECIPITATION (IN)
  YESTERDAY        0.00                      0.08  -0.08     0.00
  MONTH TO DATE    0.41                      0.73  -0.32     0.19
  SINCE MAR 1      0.44                      2.09  -1.65     0.45
  SINCE JAN 1      0.78                      3.22  -2.44     0.94

..................................................................

THE MCCOOK NE CLIMATE NORMALS FOR TODAY
                         NORMAL    RECORD    YEAR
 MAXIMUM TEMPERATURE (F)   64        92      1936
 MINIMUM TEMPERATURE (F)   33        16      1997

-  INDICATES NEGATIVE NUMBERS.
R  INDICATES RECORD WAS SET OR TIED.
MM INDICATES DATA IS MISSING.
T  INDICATES TRACE AMOUNT.

$$
