000
CDUS43 KGLD 070046
CLIMCK

CLIMATE REPORT
NATIONAL WEATHER SERVICE GOODLAND
639 PM MDT MON APR 6 2015


...................................

...THE MCCOOK NE CLIMATE SUMMARY FOR APRIL 6 2015...
VALID TODAY AS OF 0600 PM LOCAL TIME.

CLIMATE NORMAL PERIOD 1981 TO 2010
CLIMATE RECORD PERIOD 1896 TO 2015


WEATHER ITEM   OBSERVED TIME   RECORD YEAR NORMAL DEPARTURE LAST
                VALUE   (LST)  VALUE       VALUE  FROM      YEAR
                                                  NORMAL
..................................................................
TEMPERATURE (F)
 TODAY
  MAXIMUM         71    227 PM  89    1991  61     10       68
  MINIMUM         50    220 AM  12    1936  31     19       37
  AVERAGE         61                        46     15       53

PRECIPITATION (IN)
  TODAY            0.00                      0.05  -0.05     0.07
  MONTH TO DATE    0.34                      0.32   0.02     0.19
  SINCE MAR 1      0.37                      1.68  -1.31     0.45
  SINCE JAN 1      0.71                      2.81  -2.10     0.94

..................................................................


THE MCCOOK NE CLIMATE NORMALS FOR TOMORROW
                         NORMAL    RECORD    YEAR
 MAXIMUM TEMPERATURE (F)   62        88      1978
 MINIMUM TEMPERATURE (F)   31        14      2007
                                             1961



-  INDICATES NEGATIVE NUMBERS.
R  INDICATES RECORD WAS SET OR TIED.
MM INDICATES DATA IS MISSING.
T  INDICATES TRACE AMOUNT.

$$
