000
CDUS43 KGLD 190743
CLIMCK

CLIMATE REPORT
NATIONAL WEATHER SERVICE GOODLAND
138 AM MDT THU MAR 19 2015

...................................

...THE MCCOOK NE CLIMATE SUMMARY FOR MARCH 18 2015...

CLIMATE NORMAL PERIOD 1981 TO 2010
CLIMATE RECORD PERIOD 1896 TO 2015


WEATHER ITEM   OBSERVED TIME   RECORD YEAR NORMAL DEPARTURE LAST
                VALUE   (LST)  VALUE       VALUE  FROM      YEAR
                                                  NORMAL
..................................................................
TEMPERATURE (F)
 YESTERDAY
  MAXIMUM         60    432 PM  84    2007  55      5       48
  MINIMUM         27    643 AM  -4    1958  25      2       32
  AVERAGE         44                        40      4       40

PRECIPITATION (IN)
  YESTERDAY        0.00                      0.04  -0.04     0.16
  MONTH TO DATE    0.01                      0.72  -0.71     0.20
  SINCE MAR 1      0.01                      0.72  -0.71     0.20
  SINCE JAN 1      0.35                      1.85  -1.50     0.69

..................................................................

THE MCCOOK NE CLIMATE NORMALS FOR TODAY
                         NORMAL    RECORD    YEAR
 MAXIMUM TEMPERATURE (F)   55        87      2004
 MINIMUM TEMPERATURE (F)   25        -2      1923



-  INDICATES NEGATIVE NUMBERS.
R  INDICATES RECORD WAS SET OR TIED.
MM INDICATES DATA IS MISSING.
T  INDICATES TRACE AMOUNT.




$$
