000
CDUS43 KGLD 110803
CLIMCK

CLIMATE REPORT
NATIONAL WEATHER SERVICE GOODLAND
158 AM MDT SAT APR 11 2015

...................................

...THE MCCOOK NE CLIMATE SUMMARY FOR APRIL 10 2015...

CLIMATE NORMAL PERIOD 1981 TO 2010
CLIMATE RECORD PERIOD 1896 TO 2015


WEATHER ITEM   OBSERVED TIME   RECORD YEAR NORMAL DEPARTURE LAST
                VALUE   (LST)  VALUE       VALUE  FROM      YEAR
                                                  NORMAL
..................................................................
TEMPERATURE (F)
 YESTERDAY
  MAXIMUM         69    505 PM  91    1930  63      6       67
  MINIMUM         27    424 AM  16    1973  32     -5       45
  AVERAGE         48                        47      1       56

PRECIPITATION (IN)
  YESTERDAY        0.00                      0.07  -0.07     0.00
  MONTH TO DATE    0.41                      0.58  -0.17     0.19
  SINCE MAR 1      0.44                      1.94  -1.50     0.45
  SINCE JAN 1      0.78                      3.07  -2.29     0.94

..................................................................

THE MCCOOK NE CLIMATE NORMALS FOR TODAY
                         NORMAL    RECORD    YEAR
 MAXIMUM TEMPERATURE (F)   63        93      1977
 MINIMUM TEMPERATURE (F)   33        15      1997

-  INDICATES NEGATIVE NUMBERS.
R  INDICATES RECORD WAS SET OR TIED.
MM INDICATES DATA IS MISSING.
T  INDICATES TRACE AMOUNT.

$$
