000
CDUS43 KGLD 250047 RRA
CLIMCK

CLIMATE REPORT
NATIONAL WEATHER SERVICE GOODLAND
643 PM MDT FRI APR 24 2015
...................................

...THE MCCOOK NE CLIMATE SUMMARY FOR APRIL 24 2015...
VALID TODAY AS OF 0600 PM LOCAL TIME.

CLIMATE NORMAL PERIOD 1981 TO 2010
CLIMATE RECORD PERIOD 1896 TO 2015

WEATHER ITEM   OBSERVED TIME   RECORD YEAR NORMAL DEPARTURE LAST
                VALUE   (LST)  VALUE       VALUE  FROM      YEAR
                                                  NORMAL
..................................................................
TEMPERATURE (F)
 TODAY
  MAXIMUM         70    244 PM  95    2012  67      3       71
  MINIMUM         49    443 AM  22    2013  38     11       43
  AVERAGE         60                        52      8       57

PRECIPITATION (IN)
  TODAY            0.07                      0.09  -0.02     0.00
  MONTH TO DATE    1.62                      1.75  -0.13     0.84
  SINCE MAR 1      1.65                      3.11  -1.46     1.10
  SINCE JAN 1      1.99                      4.24  -2.25     1.59

..................................................................

THE MCCOOK NE CLIMATE NORMALS FOR TOMORROW
                         NORMAL    RECORD    YEAR
 MAXIMUM TEMPERATURE (F)   68        93      1989
 MINIMUM TEMPERATURE (F)   38        21      1910

-  INDICATES NEGATIVE NUMBERS.
R  INDICATES RECORD WAS SET OR TIED.
MM INDICATES DATA IS MISSING.
T  INDICATES TRACE AMOUNT.

$$
