000
CDUS43 KGRB 062138
CLIGRB


CLIMATE REPORT
NATIONAL WEATHER SERVICE GREEN BAY
437 PM CDT WED MAY 6 2015


...................................

...THE GREEN BAY WI CLIMATE SUMMARY FOR MAY 6 2015...
VALID TODAY AS OF 0400 PM LOCAL TIME.

CLIMATE NORMAL PERIOD 1981 TO 2010
CLIMATE RECORD PERIOD 1886 TO 2015


WEATHER ITEM   OBSERVED TIME   RECORD YEAR NORMAL DEPARTURE LAST
                VALUE   (LST)  VALUE       VALUE  FROM      YEAR
                                                  NORMAL
..................................................................
TEMPERATURE (F)
 TODAY
  MAXIMUM         71    209 PM  92    1934  63      8       56
  MINIMUM         51    643 AM  24    1970  41     10       35
  AVERAGE         61                        52      9       46

PRECIPITATION (IN)
  TODAY            0.09          2.04 1960   0.08   0.01     0.00
  MONTH TO DATE    0.21                      0.50  -0.29     0.03
  SINCE MAR 1      2.74                      4.98  -2.24     4.95
  SINCE JAN 1      3.71                      7.22  -3.51     7.74

SNOWFALL (IN)
  TODAY            0.0           0.8  1954   0.0    0.0      0.0
  MONTH TO DATE    0.0                       0.1   -0.1      0.0
  SINCE MAR 1      4.2                      11.1   -6.9      9.8
  SINCE JUL 1     32.7                      51.3  -18.6     72.1
  SNOW DEPTH       0

DEGREE DAYS
 HEATING
  TODAY            4                        13     -9       19
  MONTH TO DATE   24                        85    -61      104
  SINCE MAR 1   1556                      1782   -226     2094
  SINCE JUL 1   7594                      7622    -28     8575

 COOLING
  TODAY            0                         0      0        0
  MONTH TO DATE    2                         0      2        0
  SINCE MAR 1      2                         2      0        0
  SINCE JAN 1      2                         2      0        0
..................................................................


WIND (MPH)
  HIGHEST WIND SPEED    13   HIGHEST WIND DIRECTION    NE (60)
  HIGHEST GUST SPEED    15   HIGHEST GUST DIRECTION     E (110)
  AVERAGE WIND SPEED     5.1


SKY COVER
  POSSIBLE SUNSHINE  MM
  AVERAGE SKY COVER 0.9


WEATHER CONDITIONS
 THE FOLLOWING WEATHER WAS RECORDED TODAY.
  RAIN
  LIGHT RAIN
  HAZE


RELATIVE HUMIDITY (PERCENT)
 HIGHEST    77           800 AM
 LOWEST     46          1200 AM
 AVERAGE    62

..........................................................


THE GREEN BAY WI CLIMATE NORMALS FOR TOMORROW
                         NORMAL    RECORD    YEAR
 MAXIMUM TEMPERATURE (F)   63        87      1896
 MINIMUM TEMPERATURE (F)   41        27      1974
                                             1954


SUNRISE AND SUNSET
MAY  6 2015...........SUNRISE   536 AM CDT   SUNSET   803 PM CDT
MAY  7 2015...........SUNRISE   535 AM CDT   SUNSET   804 PM CDT


-  INDICATES NEGATIVE NUMBERS.
R  INDICATES RECORD WAS SET OR TIED.
MM INDICATES DATA IS MISSING.
T  INDICATES TRACE AMOUNT.




$$
