000
CDUS43 KGRB 270651
CLIGRB


CLIMATE REPORT
NATIONAL WEATHER SERVICE GREEN BAY
150 AM CDT MON APR 27 2015


...................................

...THE GREEN BAY WI CLIMATE SUMMARY FOR APRIL 26 2015...

CLIMATE NORMAL PERIOD 1981 TO 2010
CLIMATE RECORD PERIOD 1886 TO 2015


WEATHER ITEM   OBSERVED TIME   RECORD YEAR NORMAL DEPARTURE LAST
                VALUE   (LST)  VALUE       VALUE  FROM      YEAR
                                                  NORMAL
..................................................................
TEMPERATURE (F)
 YESTERDAY
  MAXIMUM         61    148 PM  87    1962  59      2       48
  MINIMUM         31    410 AM  24    1958  38     -7       33
  AVERAGE         46                        48     -2       41

PRECIPITATION (IN)
  YESTERDAY        0.00          1.75 2011   0.09  -0.09     0.00
  MONTH TO DATE    1.63                      2.27  -0.64     3.10
  SINCE MAR 1      2.53                      4.12  -1.59     4.01
  SINCE JAN 1      3.50                      6.36  -2.86     6.80

SNOWFALL (IN)
  YESTERDAY        0.0           0.7  1966   0.1   -0.1      0.0
  MONTH TO DATE    T                         2.8   -2.8      3.7
  SINCE MAR 1      4.2                      10.9   -6.7      9.8
  SINCE JUL 1     32.7                      51.1  -18.4     72.1
  SNOW DEPTH       0

DEGREE DAYS
 HEATING
  YESTERDAY       19                        17      2       24
  MONTH TO DATE  505                       573    -68      609
  SINCE MAR 1   1473                      1633   -160     1903
  SINCE JUL 1   7511                      7473     38     8384

 COOLING
  YESTERDAY        0                         0      0        0
  MONTH TO DATE    0                         0      0        0
  SINCE MAR 1      0                         0      0        0
  SINCE JAN 1      0                         0      0        0
..................................................................


WIND (MPH)
  HIGHEST WIND SPEED    18   HIGHEST WIND DIRECTION    NE (50)
  HIGHEST GUST SPEED    22   HIGHEST GUST DIRECTION    NE (50)
  AVERAGE WIND SPEED     9.2


SKY COVER
  POSSIBLE SUNSHINE  MM
  AVERAGE SKY COVER 0.0


WEATHER CONDITIONS
 THE FOLLOWING WEATHER WAS RECORDED YESTERDAY.
  NO SIGNIFICANT WEATHER WAS OBSERVED.


RELATIVE HUMIDITY (PERCENT)
 HIGHEST    73          1100 PM
 LOWEST     28           200 PM
 AVERAGE    51

..........................................................


THE GREEN BAY WI CLIMATE NORMALS FOR TODAY
                         NORMAL    RECORD    YEAR
 MAXIMUM TEMPERATURE (F)   59        84      1986
                                             1952
 MINIMUM TEMPERATURE (F)   38        26      1996


SUNRISE AND SUNSET
APRIL 27 2015.........SUNRISE   549 AM CDT   SUNSET   752 PM CDT
APRIL 28 2015.........SUNRISE   548 AM CDT   SUNSET   753 PM CDT


-  INDICATES NEGATIVE NUMBERS.
R  INDICATES RECORD WAS SET OR TIED.
MM INDICATES DATA IS MISSING.
T  INDICATES TRACE AMOUNT.




$$
