000
CDUS43 KGRB 230649
CLIGRB


CLIMATE REPORT
NATIONAL WEATHER SERVICE GREEN BAY
148 AM CDT THU APR 23 2015


...................................

...THE GREEN BAY WI CLIMATE SUMMARY FOR APRIL 22 2015...

CLIMATE NORMAL PERIOD 1981 TO 2010
CLIMATE RECORD PERIOD 1886 TO 2015


WEATHER ITEM   OBSERVED TIME   RECORD YEAR NORMAL DEPARTURE LAST
                VALUE   (LST)  VALUE       VALUE  FROM      YEAR
                                                  NORMAL
..................................................................
TEMPERATURE (F)
 YESTERDAY
  MAXIMUM         41    145 PM  89    1980  57    -16       50
  MINIMUM         32    620 AM  24    1986  36     -4       33
                                      1956
  AVERAGE         37                        47    -10       42

PRECIPITATION (IN)
  YESTERDAY        T             1.20 1921   0.09  -0.09     0.00
  MONTH TO DATE    1.63                      1.91  -0.28     2.67
  SINCE MAR 1      2.53                      3.76  -1.23     3.58
  SINCE JAN 1      3.50                      6.00  -2.50     6.37

SNOWFALL (IN)
  YESTERDAY        T             2.9  1963   0.1   -0.1      0.0
  MONTH TO DATE    T                         2.6   -2.6      3.7
  SINCE MAR 1      4.2                      10.7   -6.5      9.8
  SINCE JUL 1     32.7                      50.9  -18.2     72.1
  SNOW DEPTH       0

DEGREE DAYS
 HEATING
  YESTERDAY       28                        19      9       23
  MONTH TO DATE  421                       503    -82      522
  SINCE MAR 1   1389                      1563   -174     1816
  SINCE JUL 1   7427                      7403     24     8297

 COOLING
  YESTERDAY        0                         0      0        0
  MONTH TO DATE    0                         0      0        0
  SINCE MAR 1      0                         0      0        0
  SINCE JAN 1      0                         0      0        0
..................................................................


WIND (MPH)
  HIGHEST WIND SPEED    25   HIGHEST WIND DIRECTION     W (290)
  HIGHEST GUST SPEED    31   HIGHEST GUST DIRECTION     W (290)
  AVERAGE WIND SPEED    13.8


SKY COVER
  POSSIBLE SUNSHINE  MM
  AVERAGE SKY COVER 0.9


WEATHER CONDITIONS
 THE FOLLOWING WEATHER WAS RECORDED YESTERDAY.
  LIGHT SNOW


RELATIVE HUMIDITY (PERCENT)
 HIGHEST    75          1200 AM
 LOWEST     48          1000 AM
 AVERAGE    62

..........................................................


THE GREEN BAY WI CLIMATE NORMALS FOR TODAY
                         NORMAL    RECORD    YEAR
 MAXIMUM TEMPERATURE (F)   58        82      1925
 MINIMUM TEMPERATURE (F)   37        18      1956


SUNRISE AND SUNSET
APRIL 23 2015.........SUNRISE   556 AM CDT   SUNSET   747 PM CDT
APRIL 24 2015.........SUNRISE   554 AM CDT   SUNSET   748 PM CDT


-  INDICATES NEGATIVE NUMBERS.
R  INDICATES RECORD WAS SET OR TIED.
MM INDICATES DATA IS MISSING.
T  INDICATES TRACE AMOUNT.




$$
