000
CDUS43 KGRB 020709
CLIGRB


CLIMATE REPORT
NATIONAL WEATHER SERVICE GREEN BAY
207 AM CDT SAT MAY 2 2015


...................................

...THE GREEN BAY WI CLIMATE SUMMARY FOR MAY 1 2015...

CLIMATE NORMAL PERIOD 1981 TO 2010
CLIMATE RECORD PERIOD 1886 TO 2015


WEATHER ITEM   OBSERVED TIME   RECORD YEAR NORMAL DEPARTURE LAST
                VALUE   (LST)  VALUE       VALUE  FROM      YEAR
                                                  NORMAL
..................................................................
TEMPERATURE (F)
 YESTERDAY
  MAXIMUM         71    251 PM  90    1952  61     10       52
  MINIMUM         36    455 AM  25    1978  39     -3       41
  AVERAGE         54                        50      4       47

PRECIPITATION (IN)
  YESTERDAY        0.00          1.19 1973   0.08  -0.08     0.03
  MONTH TO DATE    0.00                      0.08  -0.08     0.03
  SINCE MAR 1      2.53                      4.56  -2.03     4.95
  SINCE JAN 1      3.50                      6.80  -3.30     7.74

SNOWFALL (IN)
  YESTERDAY        0.0           2.0  1911   0.0    0.0      0.0
  MONTH TO DATE    0.0                       0.0    0.0      0.0
  SINCE MAR 1      4.2                      11.0   -6.8      9.8
  SINCE JUL 1     32.7                      51.2  -18.5     72.1
  SNOW DEPTH       0

DEGREE DAYS
 HEATING
  YESTERDAY       11                        15     -4       18
  MONTH TO DATE   11                        15     -4       18
  SINCE MAR 1   1543                      1712   -169     2008
  SINCE JUL 1   7581                      7552     29     8489

 COOLING
  YESTERDAY        0                         0      0        0
  MONTH TO DATE    0                         0      0        0
  SINCE MAR 1      0                         2     -2        0
  SINCE JAN 1      0                         2     -2        0
..................................................................


WIND (MPH)
  HIGHEST WIND SPEED    14   HIGHEST WIND DIRECTION    SW (210)
  HIGHEST GUST SPEED    18   HIGHEST GUST DIRECTION    SW (220)
  AVERAGE WIND SPEED     5.0


SKY COVER
  POSSIBLE SUNSHINE  MM
  AVERAGE SKY COVER 0.1


WEATHER CONDITIONS
 THE FOLLOWING WEATHER WAS RECORDED YESTERDAY.
  NO SIGNIFICANT WEATHER WAS OBSERVED.


RELATIVE HUMIDITY (PERCENT)
 HIGHEST    92           300 AM
 LOWEST     28           200 PM
 AVERAGE    60

..........................................................


THE GREEN BAY WI CLIMATE NORMALS FOR TODAY
                         NORMAL    RECORD    YEAR
 MAXIMUM TEMPERATURE (F)   61        91      1959
 MINIMUM TEMPERATURE (F)   39        22      1911


SUNRISE AND SUNSET
MAY  2 2015...........SUNRISE   542 AM CDT   SUNSET   758 PM CDT
MAY  3 2015...........SUNRISE   541 AM CDT   SUNSET   759 PM CDT


-  INDICATES NEGATIVE NUMBERS.
R  INDICATES RECORD WAS SET OR TIED.
MM INDICATES DATA IS MISSING.
T  INDICATES TRACE AMOUNT.

$$
