000
CDUS43 KGRB 260643
CLIGRB


CLIMATE REPORT
NATIONAL WEATHER SERVICE GREEN BAY
142 AM CDT THU MAR 26 2015


...................................

...THE GREEN BAY WI CLIMATE SUMMARY FOR MARCH 25 2015...

CLIMATE NORMAL PERIOD 1981 TO 2010
CLIMATE RECORD PERIOD 1886 TO 2015


WEATHER ITEM   OBSERVED TIME   RECORD YEAR NORMAL DEPARTURE LAST
                VALUE   (LST)  VALUE       VALUE  FROM      YEAR
                                                  NORMAL
..................................................................
TEMPERATURE (F)
 YESTERDAY
  MAXIMUM         41    447 PM  73    2007  43     -2       23
  MINIMUM         31    741 AM   0    1960  26      5       11
  AVERAGE         36                        35      1       17

PRECIPITATION (IN)
  YESTERDAY        0.47          1.49 1920   0.07   0.40     0.00
  MONTH TO DATE    0.67                      1.45  -0.78     0.41
  SINCE MAR 1      0.67                      1.45  -0.78     0.41
  SINCE JAN 1      1.64                      3.69  -2.05     3.20

SNOWFALL (IN)
  YESTERDAY        2.8           6.5  1923   0.2    2.6      0.0
  MONTH TO DATE    4.2                       7.1   -2.9      5.1
  SINCE MAR 1      4.2                       7.1   -2.9      5.1
  SINCE JUL 1     32.7                      47.3  -14.6     67.4
  SNOW DEPTH       2

DEGREE DAYS
 HEATING
  YESTERDAY       29                        30     -1       48
  MONTH TO DATE  785                       886   -101     1111
  SINCE MAR 1    785                       886   -101     1111
  SINCE JUL 1   6823                      6726     97     7592

 COOLING
  YESTERDAY        0                         0      0        0
  MONTH TO DATE    0                         0      0        0
  SINCE MAR 1      0                         0      0        0
  SINCE JAN 1      0                         0      0        0
..................................................................


WIND (MPH)
  HIGHEST WIND SPEED    26   HIGHEST WIND DIRECTION     W (260)
  HIGHEST GUST SPEED    35   HIGHEST GUST DIRECTION     W (270)
  AVERAGE WIND SPEED    12.3


SKY COVER
  POSSIBLE SUNSHINE  MM
  AVERAGE SKY COVER 1.0


WEATHER CONDITIONS
 THE FOLLOWING WEATHER WAS RECORDED YESTERDAY.
  FREEZING RAIN
  SNOW
  LIGHT SNOW
  FOG
  FOG W/VISIBILITY <= 1/4 MILE
  HAZE


RELATIVE HUMIDITY (PERCENT)
 HIGHEST   100           400 AM
 LOWEST     64           500 PM
 AVERAGE    82

..........................................................


THE GREEN BAY WI CLIMATE NORMALS FOR TODAY
                         NORMAL    RECORD    YEAR
 MAXIMUM TEMPERATURE (F)   44        78      2007
 MINIMUM TEMPERATURE (F)   26         0      1923


SUNRISE AND SUNSET
MARCH 26 2015.........SUNRISE   645 AM CDT   SUNSET   712 PM CDT
MARCH 27 2015.........SUNRISE   643 AM CDT   SUNSET   713 PM CDT


-  INDICATES NEGATIVE NUMBERS.
R  INDICATES RECORD WAS SET OR TIED.
MM INDICATES DATA IS MISSING.
T  INDICATES TRACE AMOUNT.




$$
