000
CDUS43 KGRB 010721
CLIGRB


CLIMATE REPORT
NATIONAL WEATHER SERVICE GREEN BAY
219 AM CDT WED APR 1 2015


...................................

...THE GREEN BAY WI CLIMATE SUMMARY FOR MARCH 31 2015...

CLIMATE NORMAL PERIOD 1981 TO 2010
CLIMATE RECORD PERIOD 1886 TO 2015


WEATHER ITEM   OBSERVED TIME   RECORD YEAR NORMAL DEPARTURE LAST
                VALUE   (LST)  VALUE       VALUE  FROM      YEAR
                                                  NORMAL
..................................................................
TEMPERATURE (F)
 YESTERDAY
  MAXIMUM         58    453 PM  77    1986  46     12       53
  MINIMUM         31   1152 PM   0    1923  28      3       34
  AVERAGE         45                        37      8       44

PRECIPITATION (IN)
  YESTERDAY        T             1.61 1949   0.07  -0.07     0.00
  MONTH TO DATE    0.90                      1.85  -0.95     0.91
  SINCE MAR 1      0.90                      1.85  -0.95     0.91
  SINCE JAN 1      1.87                      4.09  -2.22     3.70

SNOWFALL (IN)
  YESTERDAY        T            10.1  1949   0.2   -0.2      0.0
  MONTH TO DATE    4.2                       8.1   -3.9      6.1
  SINCE MAR 1      4.2                       8.1   -3.9      6.1
  SINCE JUL 1     32.7                      48.3  -15.6     68.4
  SNOW DEPTH       0

DEGREE DAYS
 HEATING
  YESTERDAY       20                        28     -8       21
  MONTH TO DATE  968                      1060    -92     1294
  SINCE MAR 1    968                      1060    -92     1294
  SINCE JUL 1   7006                      6900    106     7775

 COOLING
  YESTERDAY        0                         0      0        0
  MONTH TO DATE    0                         0      0        0
  SINCE MAR 1      0                         0      0        0
  SINCE JAN 1      0                         0      0        0
..................................................................


WIND (MPH)
  HIGHEST WIND SPEED    22   HIGHEST WIND DIRECTION     W (290)
  HIGHEST GUST SPEED    27   HIGHEST GUST DIRECTION     W (290)
  AVERAGE WIND SPEED     7.4


SKY COVER
  POSSIBLE SUNSHINE  MM
  AVERAGE SKY COVER 0.3


WEATHER CONDITIONS
 THE FOLLOWING WEATHER WAS RECORDED YESTERDAY.
  LIGHT RAIN
  LIGHT SNOW


RELATIVE HUMIDITY (PERCENT)
 HIGHEST    96           400 AM
 LOWEST     43           500 PM
 AVERAGE    70

..........................................................


THE GREEN BAY WI CLIMATE NORMALS FOR TODAY
                         NORMAL    RECORD    YEAR
 MAXIMUM TEMPERATURE (F)   47        75      2010
 MINIMUM TEMPERATURE (F)   29        11      1972
                                             1924


SUNRISE AND SUNSET
APRIL  1 2015.........SUNRISE   634 AM CDT   SUNSET   720 PM CDT
APRIL  2 2015.........SUNRISE   632 AM CDT   SUNSET   721 PM CDT


-  INDICATES NEGATIVE NUMBERS.
R  INDICATES RECORD WAS SET OR TIED.
MM INDICATES DATA IS MISSING.
T  INDICATES TRACE AMOUNT.

$$
