000
CDUS43 KGRB 200642
CLIGRB

CLIMATE REPORT
NATIONAL WEATHER SERVICE GREEN BAY
140 AM CDT MON APR 20 2015

...................................

...THE GREEN BAY WI CLIMATE SUMMARY FOR APRIL 19 2015...

CLIMATE NORMAL PERIOD 1981 TO 2010
CLIMATE RECORD PERIOD 1886 TO 2015

WEATHER ITEM   OBSERVED TIME   RECORD YEAR NORMAL DEPARTURE LAST
                VALUE   (LST)  VALUE       VALUE  FROM      YEAR
                                                  NORMAL
..................................................................
TEMPERATURE (F)
 YESTERDAY
  MAXIMUM         67    207 PM  80    2005  56     11       55
                                      1915
  MINIMUM         42   1219 AM  17    1897  35      7       31
  AVERAGE         55                        45     10       43

PRECIPITATION (IN)
  YESTERDAY        0.17          1.40 1898   0.09   0.08     0.00
  MONTH TO DATE    1.35                      1.65  -0.30     2.54
  SINCE MAR 1      2.25                      3.50  -1.25     3.45
  SINCE JAN 1      3.22                      5.74  -2.52     6.24

SNOWFALL (IN)
  YESTERDAY        0.0           9.9  2011   0.1   -0.1      0.0
  MONTH TO DATE    T                         2.4   -2.4      3.7
  SINCE MAR 1      4.2                      10.5   -6.3      9.8
  SINCE JUL 1     32.7                      50.7  -18.0     72.1
  SNOW DEPTH       0

DEGREE DAYS
 HEATING
  YESTERDAY       10                        20    -10       22
  MONTH TO DATE  347                       446    -99      479
  SINCE MAR 1   1315                      1506   -191     1773
  SINCE JUL 1   7353                      7346      7     8254

COOLING
  YESTERDAY        0                         0      0        0
  MONTH TO DATE    0                         0      0        0
  SINCE MAR 1      0                         0      0        0
  SINCE JAN 1      0                         0      0        0
..................................................................

WIND (MPH)
  HIGHEST WIND SPEED    20   HIGHEST WIND DIRECTION    NE (40)
  HIGHEST GUST SPEED    23   HIGHEST GUST DIRECTION    NE (40)
  AVERAGE WIND SPEED    12.2

SKY COVER
  POSSIBLE SUNSHINE  MM
  AVERAGE SKY COVER 0.4

WEATHER CONDITIONS
 THE FOLLOWING WEATHER WAS RECORDED YESTERDAY.
  RAIN
  LIGHT RAIN
  FOG

RELATIVE HUMIDITY (PERCENT)
 HIGHEST    86          1100 PM
 LOWEST     32           200 PM
 AVERAGE    59
..........................................................

THE GREEN BAY WI CLIMATE NORMALS FOR TODAY
                         NORMAL    RECORD    YEAR
 MAXIMUM TEMPERATURE (F)   56        84      1987
 MINIMUM TEMPERATURE (F)   36        20      1904

SUNRISE AND SUNSET
APRIL 20 2015.........SUNRISE   601 AM CDT   SUNSET   743 PM CDT
APRIL 21 2015.........SUNRISE   559 AM CDT   SUNSET   744 PM CDT

-  INDICATES NEGATIVE NUMBERS.
R  INDICATES RECORD WAS SET OR TIED.
MM INDICATES DATA IS MISSING.
T  INDICATES TRACE AMOUNT.

$$
