000
CDUS43 KGRB 100631
CLIGRB


CLIMATE REPORT
NATIONAL WEATHER SERVICE GREEN BAY
129 AM CDT FRI APR 10 2015


...................................

...THE GREEN BAY WI CLIMATE SUMMARY FOR APRIL 9 2015...

CLIMATE NORMAL PERIOD 1981 TO 2010
CLIMATE RECORD PERIOD 1886 TO 2015


WEATHER ITEM   OBSERVED TIME   RECORD YEAR NORMAL DEPARTURE LAST
                VALUE   (LST)  VALUE       VALUE  FROM      YEAR
                                                  NORMAL
..................................................................
TEMPERATURE (F)
 YESTERDAY
  MAXIMUM         41    236 PM  76    1955  51    -10       58
                                      1945
  MINIMUM         36    716 AM  12    1928  32      4       31
  AVERAGE         39                        41     -2       45

PRECIPITATION (IN)
  YESTERDAY        0.73          0.81 1978   0.08   0.65     0.00
  MONTH TO DATE    0.96                      0.73   0.23     0.32
  SINCE MAR 1      1.86                      2.58  -0.72     1.23
  SINCE JAN 1      2.83                      4.82  -1.99     4.02

SNOWFALL (IN)
  YESTERDAY        0.0           4.4  1973   0.1   -0.1      0.0
  MONTH TO DATE    0.0                       1.3   -1.3      0.2
  SINCE MAR 1      4.2                       9.4   -5.2      6.3
  SINCE JUL 1     32.7                      49.6  -16.9     68.6
  SNOW DEPTH       0

DEGREE DAYS
 HEATING
  YESTERDAY       26                        24      2       20
  MONTH TO DATE  214                       231    -17      224
  SINCE MAR 1   1182                      1291   -109     1518
  SINCE JUL 1   7220                      7131     89     7999

 COOLING
  YESTERDAY        0                         0      0        0
  MONTH TO DATE    0                         0      0        0
  SINCE MAR 1      0                         0      0        0
  SINCE JAN 1      0                         0      0        0
..................................................................


WIND (MPH)
  HIGHEST WIND SPEED    28   HIGHEST WIND DIRECTION    NE (40)
  HIGHEST GUST SPEED    33   HIGHEST GUST DIRECTION    NE (40)
  AVERAGE WIND SPEED    12.2


SKY COVER
  POSSIBLE SUNSHINE  MM
  AVERAGE SKY COVER 1.0


WEATHER CONDITIONS
 THE FOLLOWING WEATHER WAS RECORDED YESTERDAY.
  THUNDERSTORM
  HEAVY RAIN
  RAIN
  LIGHT RAIN
  FOG
  FOG W/VISIBILITY <= 1/4 MILE


RELATIVE HUMIDITY (PERCENT)
 HIGHEST   100           700 AM
 LOWEST     85          1200 AM
 AVERAGE    93

..........................................................


THE GREEN BAY WI CLIMATE NORMALS FOR TODAY
                         NORMAL    RECORD    YEAR
 MAXIMUM TEMPERATURE (F)   51        79      1977
 MINIMUM TEMPERATURE (F)   32        18      1909


SUNRISE AND SUNSET
APRIL 10 2015.........SUNRISE   618 AM CDT   SUNSET   731 PM CDT
APRIL 11 2015.........SUNRISE   616 AM CDT   SUNSET   732 PM CDT


-  INDICATES NEGATIVE NUMBERS.
R  INDICATES RECORD WAS SET OR TIED.
MM INDICATES DATA IS MISSING.
T  INDICATES TRACE AMOUNT.




$$
