000
CDUS43 KGRB 150715
CLIGRB

CLIMATE REPORT
NATIONAL WEATHER SERVICE GREEN BAY
213 AM CDT WED APR 15 2015

...................................

...THE GREEN BAY WI CLIMATE SUMMARY FOR APRIL 14 2015...

CLIMATE NORMAL PERIOD 1981 TO 2010
CLIMATE RECORD PERIOD 1886 TO 2015

WEATHER ITEM   OBSERVED TIME   RECORD YEAR NORMAL DEPARTURE LAST
                VALUE   (LST)  VALUE       VALUE  FROM      YEAR
                                                  NORMAL
..................................................................
TEMPERATURE (F)
 YESTERDAY
  MAXIMUM         68    331 PM  81    2003  53     15       38
  MINIMUM         34    553 AM  16    1928  33      1       23
  AVERAGE         51                        43      8       31

PRECIPITATION (IN)
  YESTERDAY        0.00          0.99 1987   0.09  -0.09     0.56
  MONTH TO DATE    1.18                      1.19  -0.01     2.49
  SINCE MAR 1      2.08                      3.04  -0.96     3.40
  SINCE JAN 1      3.05                      5.28  -2.23     6.19

SNOWFALL (IN)
  YESTERDAY        0.0           6.2  1928   0.1   -0.1      3.5
  MONTH TO DATE    T                         1.9   -1.9      3.7
  SINCE MAR 1      4.2                      10.0   -5.8      9.8
  SINCE JUL 1     32.7                      50.2  -17.5     72.1
  SNOW DEPTH       0

DEGREE DAYS
 HEATING
  YESTERDAY       14                        22     -8       34
  MONTH TO DATE  287                       344    -57      340
  SINCE MAR 1   1255                      1404   -149     1634
  SINCE JUL 1   7293                      7244     49     8115

 COOLING
  YESTERDAY        0                         0      0        0
  MONTH TO DATE    0                         0      0        0
  SINCE MAR 1      0                         0      0        0
  SINCE JAN 1      0                         0      0        0
..................................................................

WIND (MPH)
  HIGHEST WIND SPEED    15   HIGHEST WIND DIRECTION     W (270)
  HIGHEST GUST SPEED    21   HIGHEST GUST DIRECTION     W (250)
  AVERAGE WIND SPEED     4.8

SKY COVER
  POSSIBLE SUNSHINE  MM
  AVERAGE SKY COVER 0.0

WEATHER CONDITIONS
 THE FOLLOWING WEATHER WAS RECORDED YESTERDAY.
  NO SIGNIFICANT WEATHER WAS OBSERVED.

RELATIVE HUMIDITY (PERCENT)
 HIGHEST    89           600 AM
 LOWEST     20           400 PM
 AVERAGE    55
..........................................................

THE GREEN BAY WI CLIMATE NORMALS FOR TODAY
                         NORMAL    RECORD    YEAR
 MAXIMUM TEMPERATURE (F)   54        84      2002
                                             1896
 MINIMUM TEMPERATURE (F)   34        14      1928

SUNRISE AND SUNSET
APRIL 15 2015.........SUNRISE   609 AM CDT   SUNSET   737 PM CDT
APRIL 16 2015.........SUNRISE   607 AM CDT   SUNSET   738 PM CDT

-  INDICATES NEGATIVE NUMBERS.
R  INDICATES RECORD WAS SET OR TIED.
MM INDICATES DATA IS MISSING.
T  INDICATES TRACE AMOUNT.

$$
