000
CDUS43 KGRB 140959
CLIGRB


CLIMATE REPORT
NATIONAL WEATHER SERVICE GREEN BAY
459 AM CDT TUE APR 14 2015


...................................

...THE GREEN BAY WI CLIMATE SUMMARY FOR APRIL 13 2015...

CLIMATE NORMAL PERIOD 1981 TO 2010
CLIMATE RECORD PERIOD 1886 TO 2015


WEATHER ITEM   OBSERVED TIME   RECORD YEAR NORMAL DEPARTURE LAST
                VALUE   (LST)  VALUE       VALUE  FROM      YEAR
                                                  NORMAL
..................................................................
TEMPERATURE (F)
 YESTERDAY
  MAXIMUM         64    323 PM  78    1938  53     11       50
  MINIMUM         45   1159 PM  18    1950  33     12       37
  AVERAGE         55                        43     12       44

PRECIPITATION (IN)
  YESTERDAY        0.10          1.20 1952   0.10   0.00     1.02
  MONTH TO DATE    1.18                      1.10   0.08     1.93
  SINCE MAR 1      2.08                      2.95  -0.87     2.84
  SINCE JAN 1      3.05                      5.19  -2.14     5.63

SNOWFALL (IN)
  YESTERDAY        0.0           1.4  1934   0.1   -0.1      0.0
  MONTH TO DATE    T                         1.8   -1.8      0.2
  SINCE MAR 1      4.2                       9.9   -5.7      6.3
  SINCE JUL 1     32.7                      50.1  -17.4     68.6
  SNOW DEPTH       0

DEGREE DAYS
 HEATING
  YESTERDAY       10                        22    -12       21
  MONTH TO DATE  273                       322    -49      306
  SINCE MAR 1   1241                      1382   -141     1600
  SINCE JUL 1   7279                      7222     57     8081

 COOLING
  YESTERDAY        0                         0      0        0
  MONTH TO DATE    0                         0      0        0
  SINCE MAR 1      0                         0      0        0
  SINCE JAN 1      0                         0      0        0
..................................................................


WIND (MPH)
  HIGHEST WIND SPEED    30   HIGHEST WIND DIRECTION     W (290)
  HIGHEST GUST SPEED    37   HIGHEST GUST DIRECTION     W (280)
  AVERAGE WIND SPEED    14.4


SKY COVER
  POSSIBLE SUNSHINE  MM
  AVERAGE SKY COVER 0.4


WEATHER CONDITIONS
 THE FOLLOWING WEATHER WAS RECORDED YESTERDAY.
  LIGHT RAIN
  FOG


RELATIVE HUMIDITY (PERCENT)
 HIGHEST    96           600 AM
 LOWEST     25           300 PM
 AVERAGE    61

..........................................................


THE GREEN BAY WI CLIMATE NORMALS FOR TODAY
                         NORMAL    RECORD    YEAR
 MAXIMUM TEMPERATURE (F)   53        81      2003
 MINIMUM TEMPERATURE (F)   33        16      1928


SUNRISE AND SUNSET
APRIL 14 2015.........SUNRISE   611 AM CDT   SUNSET   736 PM CDT
APRIL 15 2015.........SUNRISE   609 AM CDT   SUNSET   737 PM CDT


-  INDICATES NEGATIVE NUMBERS.
R  INDICATES RECORD WAS SET OR TIED.
MM INDICATES DATA IS MISSING.
T  INDICATES TRACE AMOUNT.




$$
