000
CDUS43 KGRB 170638
CLIGRB


CLIMATE REPORT
NATIONAL WEATHER SERVICE GREEN BAY
136 AM CDT FRI APR 17 2015

...................................

...THE GREEN BAY WI CLIMATE SUMMARY FOR APRIL 16 2015...

CLIMATE NORMAL PERIOD 1981 TO 2010
CLIMATE RECORD PERIOD 1886 TO 2015

WEATHER ITEM   OBSERVED TIME   RECORD YEAR NORMAL DEPARTURE LAST
                VALUE   (LST)  VALUE       VALUE  FROM      YEAR
                                                  NORMAL
..................................................................
TEMPERATURE (F)
 YESTERDAY
  MAXIMUM         68    415 PM  84    1896  54     14       40
  MINIMUM         34    353 AM  14    1904  34      0       23
  AVERAGE         51                        44      7       32

PRECIPITATION (IN)
  YESTERDAY        0.00          1.83 1945   0.10  -0.10      T
  MONTH TO DATE    1.18                      1.38  -0.20     2.49
  SINCE MAR 1      2.08                      3.23  -1.15     3.40
  SINCE JAN 1      3.05                      5.47  -2.42     6.19

SNOWFALL (IN)
  YESTERDAY        0.0           2.1  1998   0.1   -0.1       T
  MONTH TO DATE    T                         2.1   -2.1      3.7
  SINCE MAR 1      4.2                      10.2   -6.0      9.8
  SINCE JUL 1     32.7                      50.4  -17.7     72.1
  SNOW DEPTH       0

DEGREE DAYS
 HEATING
  YESTERDAY       14                        21     -7       33
  MONTH TO DATE  317                       386    -69      412
  SINCE MAR 1   1285                      1446   -161     1706
  SINCE JUL 1   7323                      7286     37     8187

COOLING
  YESTERDAY        0                         0      0        0
  MONTH TO DATE    0                         0      0        0
  SINCE MAR 1      0                         0      0        0
  SINCE JAN 1      0                         0      0        0
..................................................................

WIND (MPH)
  HIGHEST WIND SPEED    12   HIGHEST WIND DIRECTION     S (190)
  HIGHEST GUST SPEED    15   HIGHEST GUST DIRECTION    SW (220)
  AVERAGE WIND SPEED     4.6

SKY COVER
  POSSIBLE SUNSHINE  MM
  AVERAGE SKY COVER 0.0

WEATHER CONDITIONS
 THE FOLLOWING WEATHER WAS RECORDED YESTERDAY.
  NO SIGNIFICANT WEATHER WAS OBSERVED.

RELATIVE HUMIDITY (PERCENT)
 HIGHEST    89           400 AM
 LOWEST     34           400 PM
 AVERAGE    62
..........................................................

THE GREEN BAY WI CLIMATE NORMALS FOR TODAY
                         NORMAL    RECORD    YEAR
 MAXIMUM TEMPERATURE (F)   55        83      1958
 MINIMUM TEMPERATURE (F)   34        21      1983

SUNRISE AND SUNSET
APRIL 17 2015.........SUNRISE   606 AM CDT   SUNSET   739 PM CDT
APRIL 18 2015.........SUNRISE   604 AM CDT   SUNSET   741 PM CDT

-  INDICATES NEGATIVE NUMBERS.
R  INDICATES RECORD WAS SET OR TIED.
MM INDICATES DATA IS MISSING.
T  INDICATES TRACE AMOUNT.

$$
