000
CDUS43 KGRB 300651
CLIGRB


CLIMATE REPORT
NATIONAL WEATHER SERVICE GREEN BAY
146 AM CDT MON MAR 30 2015


...................................

...THE GREEN BAY WI CLIMATE SUMMARY FOR MARCH 29 2015...

CLIMATE NORMAL PERIOD 1981 TO 2010
CLIMATE RECORD PERIOD 1886 TO 2015


WEATHER ITEM   OBSERVED TIME   RECORD YEAR NORMAL DEPARTURE LAST
                VALUE   (LST)  VALUE       VALUE  FROM      YEAR
                                                  NORMAL
..................................................................
TEMPERATURE (F)
 YESTERDAY
  MAXIMUM         41    537 PM  82    1910  45     -4       40
  MINIMUM         28   1256 AM   1    1887  27      1       26
  AVERAGE         35                        36     -1       33

PRECIPITATION (IN)
  YESTERDAY        0.06          0.87 1924   0.07  -0.01     0.00
  MONTH TO DATE    0.73                      1.71  -0.98     0.91
  SINCE MAR 1      0.73                      1.71  -0.98     0.91
  SINCE JAN 1      1.70                      3.95  -2.25     3.70

SNOWFALL (IN)
  YESTERDAY        T             9.8  1924   0.2   -0.2      0.0
  MONTH TO DATE    4.2                       7.8   -3.6      6.1
  SINCE MAR 1      4.2                       7.8   -3.6      6.1
  SINCE JUL 1     32.7                      48.0  -15.3     68.4
  SNOW DEPTH       0

DEGREE DAYS
 HEATING
  YESTERDAY       30                        29      1       32
  MONTH TO DATE  929                      1004    -75     1246
  SINCE MAR 1    929                      1004    -75     1246
  SINCE JUL 1   6967                      6844    123     7727

 COOLING
  YESTERDAY        0                         0      0        0
  MONTH TO DATE    0                         0      0        0
  SINCE MAR 1      0                         0      0        0
  SINCE JAN 1      0                         0      0        0
..................................................................


WIND (MPH)
  HIGHEST WIND SPEED    26   HIGHEST WIND DIRECTION     S (200)
  HIGHEST GUST SPEED    38   HIGHEST GUST DIRECTION    SW (210)
  AVERAGE WIND SPEED    16.0


SKY COVER
  POSSIBLE SUNSHINE  MM
  AVERAGE SKY COVER 0.5


WEATHER CONDITIONS
 THE FOLLOWING WEATHER WAS RECORDED YESTERDAY.
  LIGHT RAIN
  LIGHT SNOW
  FOG


RELATIVE HUMIDITY (PERCENT)
 HIGHEST    92           300 PM
 LOWEST     52           800 AM
 AVERAGE    72

..........................................................


THE GREEN BAY WI CLIMATE NORMALS FOR TODAY
                         NORMAL    RECORD    YEAR
 MAXIMUM TEMPERATURE (F)   46        73      1967
                                             1910
 MINIMUM TEMPERATURE (F)   28         3      1923


SUNRISE AND SUNSET
MARCH 30 2015.........SUNRISE   638 AM CDT   SUNSET   717 PM CDT
MARCH 31 2015.........SUNRISE   636 AM CDT   SUNSET   718 PM CDT


-  INDICATES NEGATIVE NUMBERS.
R  INDICATES RECORD WAS SET OR TIED.
MM INDICATES DATA IS MISSING.
T  INDICATES TRACE AMOUNT.




$$
