000
CDUS43 KGRB 010719
CLIGRB


CLIMATE REPORT
NATIONAL WEATHER SERVICE GREEN BAY
218 AM CDT FRI MAY 1 2015


...................................

...THE GREEN BAY WI CLIMATE SUMMARY FOR APRIL 30 2015...

CLIMATE NORMAL PERIOD 1981 TO 2010
CLIMATE RECORD PERIOD 1886 TO 2015


WEATHER ITEM   OBSERVED TIME   RECORD YEAR NORMAL DEPARTURE LAST
                VALUE   (LST)  VALUE       VALUE  FROM      YEAR
                                                  NORMAL
..................................................................
TEMPERATURE (F)
 YESTERDAY
  MAXIMUM         61    431 PM  84    2013  61      0       54
                                      1901
  MINIMUM         40    545 AM  12    1956  39      1       40
  AVERAGE         51                        50      1       47

PRECIPITATION (IN)
  YESTERDAY        0.00          1.36 1997   0.09  -0.09     0.21
  MONTH TO DATE    1.63                      2.63  -1.00     4.01
  SINCE MAR 1      2.53                      4.48  -1.95     4.92
  SINCE JAN 1      3.50                      6.72  -3.22     7.71

SNOWFALL (IN)
  YESTERDAY        0.0           0.9  1996   0.0    0.0      0.0
  MONTH TO DATE    T                         2.9   -2.9      3.7
  SINCE MAR 1      4.2                      11.0   -6.8      9.8
  SINCE JUL 1     32.7                      51.2  -18.5     72.1
  SNOW DEPTH       0

DEGREE DAYS
 HEATING
  YESTERDAY       14                        15     -1       18
  MONTH TO DATE  564                       637    -73      696
  SINCE MAR 1   1532                      1697   -165     1990
  SINCE JUL 1   7570                      7537     33     8471

 COOLING
  YESTERDAY        0                         0      0        0
  MONTH TO DATE    0                         2     -2        0
  SINCE MAR 1      0                         2     -2        0
  SINCE JAN 1      0                         2     -2        0
..................................................................


WIND (MPH)
  HIGHEST WIND SPEED    18   HIGHEST WIND DIRECTION     N (10)
  HIGHEST GUST SPEED    22   HIGHEST GUST DIRECTION     N (360)
  AVERAGE WIND SPEED     7.8


SKY COVER
  POSSIBLE SUNSHINE  MM
  AVERAGE SKY COVER 0.3


WEATHER CONDITIONS
 THE FOLLOWING WEATHER WAS RECORDED YESTERDAY.
  NO SIGNIFICANT WEATHER WAS OBSERVED.


RELATIVE HUMIDITY (PERCENT)
 HIGHEST    76           500 AM
 LOWEST     42           400 PM
 AVERAGE    59

..........................................................


THE GREEN BAY WI CLIMATE NORMALS FOR TODAY
                         NORMAL    RECORD    YEAR
 MAXIMUM TEMPERATURE (F)   61        90      1952
 MINIMUM TEMPERATURE (F)   39        25      1978


SUNRISE AND SUNSET
MAY  1 2015...........SUNRISE   543 AM CDT   SUNSET   757 PM CDT
MAY  2 2015...........SUNRISE   542 AM CDT   SUNSET   758 PM CDT


-  INDICATES NEGATIVE NUMBERS.
R  INDICATES RECORD WAS SET OR TIED.
MM INDICATES DATA IS MISSING.
T  INDICATES TRACE AMOUNT.

$$
