000
CDUS43 KGRB 300729
CLIGRB


CLIMATE REPORT
NATIONAL WEATHER SERVICE GREEN BAY
227 AM CDT THU APR 30 2015


...................................

...THE GREEN BAY WI CLIMATE SUMMARY FOR APRIL 29 2015...

CLIMATE NORMAL PERIOD 1981 TO 2010
CLIMATE RECORD PERIOD 1886 TO 2015


WEATHER ITEM   OBSERVED TIME   RECORD YEAR NORMAL DEPARTURE LAST
                VALUE   (LST)  VALUE       VALUE  FROM      YEAR
                                                  NORMAL
..................................................................
TEMPERATURE (F)
 YESTERDAY
  MAXIMUM         63    303 PM  85    2007  60      3       44
  MINIMUM         38    401 AM  22    1969  39     -1       37
                                      1956
  AVERAGE         51                        49      2       41

PRECIPITATION (IN)
  YESTERDAY        0.00          1.98 1896   0.09  -0.09     0.40
  MONTH TO DATE    1.63                      2.54  -0.91     3.80
  SINCE MAR 1      2.53                      4.39  -1.86     4.71
  SINCE JAN 1      3.50                      6.63  -3.13     7.50

SNOWFALL (IN)
  YESTERDAY        0.0           3.5  1956   0.1   -0.1      0.0
  MONTH TO DATE    T                         2.9   -2.9      3.7
  SINCE MAR 1      4.2                      11.0   -6.8      9.8
  SINCE JUL 1     32.7                      51.2  -18.5     72.1
  SNOW DEPTH       0

DEGREE DAYS
 HEATING
  YESTERDAY       14                        16     -2       24
  MONTH TO DATE  550                       622    -72      678
  SINCE MAR 1   1518                      1682   -164     1972
  SINCE JUL 1   7556                      7522     34     8453

 COOLING
  YESTERDAY        0                         0      0        0
  MONTH TO DATE    0                         0      0        0
  SINCE MAR 1      0                         0      0        0
  SINCE JAN 1      0                         0      0        0
..................................................................


WIND (MPH)
  HIGHEST WIND SPEED    21   HIGHEST WIND DIRECTION    NE (50)
  HIGHEST GUST SPEED    24   HIGHEST GUST DIRECTION    NE (40)
  AVERAGE WIND SPEED     8.3


SKY COVER
  POSSIBLE SUNSHINE  MM
  AVERAGE SKY COVER 0.3


WEATHER CONDITIONS
 THE FOLLOWING WEATHER WAS RECORDED YESTERDAY.
  NO SIGNIFICANT WEATHER WAS OBSERVED.


RELATIVE HUMIDITY (PERCENT)
 HIGHEST    86           200 AM
 LOWEST     36           300 PM
 AVERAGE    61

..........................................................


THE GREEN BAY WI CLIMATE NORMALS FOR TODAY
                         NORMAL    RECORD    YEAR
 MAXIMUM TEMPERATURE (F)   61        84      2013
                                             1901
 MINIMUM TEMPERATURE (F)   39        12      1956


SUNRISE AND SUNSET
APRIL 30 2015.........SUNRISE   545 AM CDT   SUNSET   755 PM CDT
MAY  1 2015...........SUNRISE   543 AM CDT   SUNSET   757 PM CDT


-  INDICATES NEGATIVE NUMBERS.
R  INDICATES RECORD WAS SET OR TIED.
MM INDICATES DATA IS MISSING.
T  INDICATES TRACE AMOUNT.

$$
