000
CDUS43 KGRB 250658
CLIGRB


CLIMATE REPORT
NATIONAL WEATHER SERVICE GREEN BAY
157 AM CDT SAT APR 25 2015


...................................

...THE GREEN BAY WI CLIMATE SUMMARY FOR APRIL 24 2015...

CLIMATE NORMAL PERIOD 1981 TO 2010
CLIMATE RECORD PERIOD 1886 TO 2015


WEATHER ITEM   OBSERVED TIME   RECORD YEAR NORMAL DEPARTURE LAST
                VALUE   (LST)  VALUE       VALUE  FROM      YEAR
                                                  NORMAL
..................................................................
TEMPERATURE (F)
 YESTERDAY
  MAXIMUM         54    246 PM  86    1990  58     -4       44
  MINIMUM         29    447 AM  21    1956  37     -8       39
  AVERAGE         42                        47     -5       42

PRECIPITATION (IN)
  YESTERDAY        0.00          1.75 1994   0.09  -0.09     0.43
  MONTH TO DATE    1.63                      2.09  -0.46     3.10
  SINCE MAR 1      2.53                      3.94  -1.41     4.01
  SINCE JAN 1      3.50                      6.18  -2.68     6.80

SNOWFALL (IN)
  YESTERDAY        0.0           4.0  1907   0.1   -0.1      0.0
  MONTH TO DATE    T                         2.7   -2.7      3.7
  SINCE MAR 1      4.2                      10.8   -6.6      9.8
  SINCE JUL 1     32.7                      51.0  -18.3     72.1
  SNOW DEPTH       0

DEGREE DAYS
 HEATING
  YESTERDAY       23                        18      5       23
  MONTH TO DATE  466                       539    -73      570
  SINCE MAR 1   1434                      1599   -165     1864
  SINCE JUL 1   7472                      7439     33     8345

 COOLING
  YESTERDAY        0                         0      0        0
  MONTH TO DATE    0                         0      0        0
  SINCE MAR 1      0                         0      0        0
  SINCE JAN 1      0                         0      0        0
..................................................................


WIND (MPH)
  HIGHEST WIND SPEED    16   HIGHEST WIND DIRECTION    SE (120)
  HIGHEST GUST SPEED    22   HIGHEST GUST DIRECTION     S (170)
  AVERAGE WIND SPEED     5.8


SKY COVER
  POSSIBLE SUNSHINE  MM
  AVERAGE SKY COVER 0.4


WEATHER CONDITIONS
 THE FOLLOWING WEATHER WAS RECORDED YESTERDAY.
  NO SIGNIFICANT WEATHER WAS OBSERVED.


RELATIVE HUMIDITY (PERCENT)
 HIGHEST    85           500 AM
 LOWEST     29           100 PM
 AVERAGE    57

..........................................................


THE GREEN BAY WI CLIMATE NORMALS FOR TODAY
                         NORMAL    RECORD    YEAR
 MAXIMUM TEMPERATURE (F)   59        88      1990
 MINIMUM TEMPERATURE (F)   37        25      1967


SUNRISE AND SUNSET
APRIL 25 2015.........SUNRISE   553 AM CDT   SUNSET   749 PM CDT
APRIL 26 2015.........SUNRISE   551 AM CDT   SUNSET   750 PM CDT


-  INDICATES NEGATIVE NUMBERS.
R  INDICATES RECORD WAS SET OR TIED.
MM INDICATES DATA IS MISSING.
T  INDICATES TRACE AMOUNT.




$$
