000
CDUS43 KGRB 180635
CLIGRB

CLIMATE REPORT
NATIONAL WEATHER SERVICE GREEN BAY
133 AM CDT SAT APR 18 2015

...................................

...THE GREEN BAY WI CLIMATE SUMMARY FOR APRIL 17 2015...

CLIMATE NORMAL PERIOD 1981 TO 2010
CLIMATE RECORD PERIOD 1886 TO 2015

WEATHER ITEM   OBSERVED TIME   RECORD YEAR NORMAL DEPARTURE LAST
                VALUE   (LST)  VALUE       VALUE  FROM      YEAR
                                                  NORMAL
..................................................................
TEMPERATURE (F)
 YESTERDAY
  MAXIMUM         75    113 PM  83    1958  55     20       52
  MINIMUM         43    350 AM  21    1983  34      9       35
  AVERAGE         59                        45     14       44

PRECIPITATION (IN)
  YESTERDAY        0.00          1.03 1968   0.09  -0.09     0.05
  MONTH TO DATE    1.18                      1.47  -0.29     2.54
  SINCE MAR 1      2.08                      3.32  -1.24     3.45
  SINCE JAN 1      3.05                      5.56  -2.51     6.24

SNOWFALL (IN)
  YESTERDAY        0.0           2.7  1888   0.1   -0.1       T
  MONTH TO DATE    T                         2.2   -2.2      3.7
  SINCE MAR 1      4.2                      10.3   -6.1      9.8
  SINCE JUL 1     32.7                      50.5  -17.8     72.1
  SNOW DEPTH       0

DEGREE DAYS
 HEATING
  YESTERDAY        6                        20    -14       21
  MONTH TO DATE  323                       406    -83      433
  SINCE MAR 1   1291                      1466   -175     1727
  SINCE JUL 1   7329                      7306     23     8208

COOLING
  YESTERDAY        0                         0      0        0
  MONTH TO DATE    0                         0      0        0
  SINCE MAR 1      0                         0      0        0
  SINCE JAN 1      0                         0      0        0
..................................................................

WIND (MPH)
  HIGHEST WIND SPEED    17   HIGHEST WIND DIRECTION    SE (120)
  HIGHEST GUST SPEED    22   HIGHEST GUST DIRECTION    SE (120)
  AVERAGE WIND SPEED     5.6

SKY COVER
  POSSIBLE SUNSHINE  MM
  AVERAGE SKY COVER 0.2

WEATHER CONDITIONS
 THE FOLLOWING WEATHER WAS RECORDED YESTERDAY.
  FOG

RELATIVE HUMIDITY (PERCENT)
 HIGHEST    89           400 AM
 LOWEST     35           100 PM
 AVERAGE    62
..........................................................

THE GREEN BAY WI CLIMATE NORMALS FOR TODAY
                         NORMAL    RECORD    YEAR
 MAXIMUM TEMPERATURE (F)   55        83      1994
 MINIMUM TEMPERATURE (F)   35        17      1960

SUNRISE AND SUNSET
APRIL 18 2015.........SUNRISE   604 AM CDT   SUNSET   741 PM CDT
APRIL 19 2015.........SUNRISE   602 AM CDT   SUNSET   742 PM CDT

-  INDICATES NEGATIVE NUMBERS.
R  INDICATES RECORD WAS SET OR TIED.
MM INDICATES DATA IS MISSING.
T  INDICATES TRACE AMOUNT.

$$
