000
CDUS43 KGRB 152139
CLIGRB


CLIMATE REPORT
NATIONAL WEATHER SERVICE GREEN BAY
436 PM CDT WED APR 15 2015


...................................

...THE GREEN BAY WI CLIMATE SUMMARY FOR APRIL 15 2015...
VALID TODAY AS OF 0400 PM LOCAL TIME.

CLIMATE NORMAL PERIOD 1981 TO 2010
CLIMATE RECORD PERIOD 1886 TO 2015


WEATHER ITEM   OBSERVED TIME   RECORD YEAR NORMAL DEPARTURE LAST
                VALUE   (LST)  VALUE       VALUE  FROM      YEAR
                                                  NORMAL
..................................................................
TEMPERATURE (F)
 TODAY
  MAXIMUM         63    247 PM  84    2002  54      9       33
                                      1896
  MINIMUM         34    505 AM  14    1928  34      0       19
  AVERAGE         49                        44      5       26

PRECIPITATION (IN)
  TODAY            0.00          0.98 1993   0.09  -0.09      T
  MONTH TO DATE    1.18                      1.28  -0.10     2.49
  SINCE MAR 1      2.08                      3.13  -1.05     3.40
  SINCE JAN 1      3.05                      5.37  -2.32     6.19

SNOWFALL (IN)
  TODAY            0.0          10.0  1904   0.1   -0.1       T
  MONTH TO DATE    T                         2.0   -2.0      3.7
  SINCE MAR 1      4.2                      10.1   -5.9      9.8
  SINCE JUL 1     32.7                      50.3  -17.6     72.1
  SNOW DEPTH       0

DEGREE DAYS
 HEATING
  TODAY           16                        21     -5       39
  MONTH TO DATE  303                       365    -62      379
  SINCE MAR 1   1271                      1425   -154     1673
  SINCE JUL 1   7309                      7265     44     8154

 COOLING
  TODAY            0                         0      0        0
  MONTH TO DATE    0                         0      0        0
  SINCE MAR 1      0                         0      0        0
  SINCE JAN 1      0                         0      0        0
..................................................................


WIND (MPH)
  HIGHEST WIND SPEED    17   HIGHEST WIND DIRECTION    SE (130)
  HIGHEST GUST SPEED    22   HIGHEST GUST DIRECTION     E (100)
  AVERAGE WIND SPEED     6.8


SKY COVER
  POSSIBLE SUNSHINE  MM
  AVERAGE SKY COVER 0.0


WEATHER CONDITIONS
 THE FOLLOWING WEATHER WAS RECORDED TODAY.
  NO SIGNIFICANT WEATHER WAS OBSERVED.


RELATIVE HUMIDITY (PERCENT)
 HIGHEST    82           600 AM
 LOWEST     19           100 PM
 AVERAGE    51

..........................................................


THE GREEN BAY WI CLIMATE NORMALS FOR TOMORROW
                         NORMAL    RECORD    YEAR
 MAXIMUM TEMPERATURE (F)   54        84      1896
 MINIMUM TEMPERATURE (F)   34        14      1904


SUNRISE AND SUNSET
APRIL 15 2015.........SUNRISE   609 AM CDT   SUNSET   737 PM CDT
APRIL 16 2015.........SUNRISE   607 AM CDT   SUNSET   738 PM CDT


-  INDICATES NEGATIVE NUMBERS.
R  INDICATES RECORD WAS SET OR TIED.
MM INDICATES DATA IS MISSING.
T  INDICATES TRACE AMOUNT.




$$
