000
CXUS51 KPHI 011223
CF6AIY

CXUS51 KPHI 031700
CF6AIY
PRELIMINARY LOCAL CLIMATOLOGICAL DATA (WS FORM F-6)

                                          STATION:   ATLANTIC CITY MARINA
                                          MONTH:     MARCH
                                          YEAR:      2015
                                          LATITUDE:  39 23 N
                                          LONGITUDE: 74 25 W

TEMPERATURE IN F:       :PCPN:    SNOW:  WIND      :SUNSHINE:  SKY       :PK WND
================================================================================
1   2   3   4   5  6A  6B    7    8   9   10  11  12  13   14  15   16   17  18
                                     12Z  AVG MX 2MIN
DY MAX MIN AVG DEP HDD CDD  WTR  SNW DPTH SPD SPD DIR MIN PSBL S-S WX    SPD DR
================================================================================
1   33  24  29  -11 36  0    0.21 0   0    4.9 16  170  M   M   M   M     18  170
2   40  32  36   -4 29  0    0.22 0   0    8.9 19  360  M   M   M   M     30  310
3   38  25  32   -8 33  0    0.32 0   0    6.3 18  250  M   M   M   M     32  250
4   45  36  41    1 24  0    0.19 0   0    7.8 14  240  M   M   M   M     22  250
5   43  21  32   -9 33  0    0.33 0   0    7.7 13  320  M   M   M   M     26  320
6   24  14  19  -22 46  0    0.00 0   0    6.9 11  330  M   M   M   M     30  320
7   37  19  26  -13 37  0    0.00 0   0   11.8 18  230  M   M   M   M     28  230
8   51  36  44    3 21  0    0.00 0   0    8.6 15  290  M   M   M   M     31  290
9   59  40  50    8 15  0    0.00 0   0    5.3 10  240  M   M   M   M     19  320
10  50  38  44    2 21  0    0.28 0   0    6.1 13  130  M   M   M   M     23  130
11  62  44  53   11 12  0    0.02 0   0    6.2 11  280  M   M   M   M     20  290
12  52  38  45    3 20  0    0.00 0   0    6.9 12  320  M   M   M   M     27  330
13  43  33  38   -4 27  0    0.05 0   0    7.0 13   90  M   M   M   M     18   80
14  54  43  49    6 16  0    1.17 0   0   10.4 18  170  M   M   M   M     34  220
15  54  40  47    4 18  0    0.00 0   0   10.5 16  320  M   M   M   M     33  300
16  44  35  40   -3 25  0    0.00 0   0    7.8 15  240  M   M   M   M     23  220
17  67  37  52    9 13  0    0.00 0   0   11.1 17  330  M   M   M   M     35  330
18  44  33  39   -5 26  0    0.00 0   0    8.0 16  330  M   M   M   M     32  320
19  41  32  37   -7 28  0    0.00 0   0    5.7 10  160  M   M   M   M     18  150
20  39  34  37   -7 28  0    0.77 0   0   10.6 14  100  M   M   M   M     37   90
21  53  33  43   -1 22  0    0.04 0   0    7.3 15   40  M   M   M   M     24   40
22  47  36  42   -3 23  0    0.00 0   0    6.2 11  320  M   M   M   M     22  320
23  38  29  34  -11 31  0    0.00 0   0    7.3 13   40  M   M   M   M     20   40
24  36  32  34  -11 31  0    0.00 0   0    4.8  8   30  M   M   M   M     14   30
25  50  32  41   -5 24  0    0.06 0   0    5.3 11  100  M   M   M   M     17  130
26  55  46  51    5 14  0    0.08 0   0   12.3 22  220  M   M   M   M     38  210
27  53  41  47    1 18  0    0.10 0   0    6.5 14  320  M   M   M   M     26  320
28  43  29  36  -10 29  0    0.00 0   0   10.0 13  330  M   M   M   M     31  330
29  42  27  35  -12 30  0    0.00 0   0    8.9 15  320  M   M   M   M     26  320
30  56  37  47    0 18  0    0.01 0   0   10.7 14  260  M   M   M   M     30  290
31  51  39  46   -1 19  0    0.15 0   0    8.3 16  220  M   M   M   M     26  210
================================================================================
SM 1445 1035        767 0    4.00         246.1         M
================================================================================
AV 46.6 33.4                               M FASTST   M    M   M    MAX(MPH)
                                 MISC ---->  # M M              # M  M
================================================================================
NOTES:
# LAST OF SEVERAL OCCURRENCES

COLUMN 17 PEAK WIND IN M.P.H.

PRELIMINARY LOCAL CLIMATOLOGICAL DATA (WS FORM: F-6) , PAGE 2

                                          STATION:  ATLANTIC CITY MARINA
                                          MONTH:    MARCH
                                          YEAR:     2015
                                          LATITUDE:   39 23 N
                                          LONGITUDE:  74 26 W

[TEMPERATURE DATA]      [PRECIPITATION DATA]       SYMBOLS USED IN COLUMN 16

AVERAGE MONTHLY: 40.0   TOTAL FOR MONTH:   4.00    1 = FOG OR MIST
DPTR FM NORMAL:  -3.3   DPTR FM NORMAL:   -0.02    2 = FOG REDUCING VISIBILITY
HIGHEST:    67 ON 17TH  GRTST 24HR  1.17 ON 14TH       TO 1/4 MILE OR LESS
LOWEST:     14 ON  6TH                             3 = THUNDER
                        SNOW, ICE PELLETS, HAIL    4 = ICE PELLETS
                        TOTAL MONTH:  M            5 = HAIL
                        GRTST 24HR    M            6 = FREEZING RAIN OR DRIZZLE
                        GRTST DEPTH:  M            7 = DUSTSTORM OR SANDSTORM:
                                                       VSBY 1/2 MILE OR LESS
                                                   8 = SMOKE OR HAZE
[NO. OF DAYS WITH]      [WEATHER - DAYS WITH]      9 = BLOWING SNOW
                                                   X = TORNADO
MAX 32 OR BELOW:   1    0.01 INCH OR MORE:  16
MAX 90 OR ABOVE:   0    0.10 INCH OR MORE:  10
MIN 32 OR BELOW:  12    0.50 INCH OR MORE:   2
MIN  0 OR BELOW:   0    1.00 INCH OR MORE:   1

[HDD (BASE 65) ]
TOTAL THIS MO.   767    CLEAR  (SCALE 0-3)  M
DPTR FM NORMAL    93    PTCLDY (SCALE 4-7)  M
TOTAL FM JUL 1  4095    CLOUDY (SCALE 8-10) M
DPTR FM NORMAL   238

[CDD (BASE 65) ]
TOTAL THIS MO.     0
DPTR FM NORMAL     0    [PRESSURE DATA]
TOTAL FM JAN 1     0    HIGHEST SLP M ON M
DPTR FM NORMAL     0    LOWEST  SLP M ON M

[REMARKS]
TRACES OF PRECIPITATION NOT RECORDED
