000
CXUS53 KDMX 200920
CF6ALO
PRELIMINARY LOCAL CLIMATOLOGICAL DATA (WS FORM: F-6)

                                          STATION:   WATERLOO IA
                                          MONTH:     APRIL
                                          YEAR:      2015
                                          LATITUDE:   42 32 N
                                          LONGITUDE:  92 24 W

  TEMPERATURE IN F:       :PCPN:    SNOW:  WIND      :SUNSHINE: SKY     :PK WND
================================================================================
1   2   3   4   5  6A  6B    7    8   9   10  11  12  13   14  15   16   17  18
                                     12Z  AVG MX 2MIN
DY MAX MIN AVG DEP HDD CDD  WTR  SNW DPTH SPD SPD DIR MIN PSBL S-S WX    SPD DR
================================================================================

 1  80  36  58  15   7   0 0.00  0.0    0 15.9 33 170   M    M   0        47 210
 2  66  48  57  14   8   0 0.35  0.0    0 12.4 23 340   M    M   5 13     27 340
 3  47  27  37  -7  28   0 0.00  0.0    0 14.9 25 320   M    M   4        33 330
 4  62  24  43  -1  22   0 0.00  0.0    0 11.1 21 220   M    M   1        27 230
 5  70  35  53   9  12   0 0.00  0.0    0 10.6 21 220   M    M   1        28 230
 6  59  39  49   4  16   0 0.00  0.0    0  8.1 22 100   M    M   8 18     26 100
 7  50  40  45   0  20   0 0.39  0.0    0 14.7 23 350   M    M  10 138    29  80
 8  51  40  46   0  19   0 0.35  0.0    0 12.4 24  90   M    M  10 138    29  90
 9  53  34  44  -2  21   0 0.60    T    0 13.7 28 320   M    M  10 1238   35 310
10  51  32  42  -5  23   0 0.00  0.0    0 12.8 35 310   M    M   2        45 300
11  69  27  48   1  17   0 0.00  0.0    0 10.0 20 180   M    M   0 1      24 150
12  68  47  58  11   7   0 0.03  0.0    0 16.0 32 180   M    M   3 1      40 180
13  65  38  52   4  13   0 0.07    M    0 11.5 30 320   M    M   0        40 320
14  69  30  50   2  15   0 0.00  0.0    0  3.6 12 100   M    M   0        14 120
15  69  39  54   5  11   0 0.00  0.0    0 12.5 25 130   M    M   0        31 130
16  74  48  61  12   4   0 0.00  0.0    0  5.0 13 120   M    M   7        16 120
17  80  44  62  12   3   0 0.00  0.0    0  2.2 10 330   M    M   3 18     16 330
18  79  49  64  14   1   0 0.29  0.0    0 11.9 25 130   M    M   4 13     33 120
19  62  46  54   4  11   0 0.83  0.0    0 12.1 33 330   M    M   7 13     41 330
================================================================================
SM 1224  723       258   0  2.91    T    211.4          M       75
================================================================================
AV 64.4 38.1                              11.1 FASTST   M    M   4    MAX(MPH)
                                 MISC ---->  # 35 310               # 47  210
================================================================================
NOTES:
# LAST OF SEVERAL OCCURRENCES

COLUMN 17 PEAK WIND IN M.P.H.

PRELIMINARY LOCAL CLIMATOLOGICAL DATA (WS FORM: F-6) , PAGE 2

                                          STATION:  WATERLOO IA
                                          MONTH:    APRIL
                                          YEAR:     2015
                                          LATITUDE:   42 32 N
                                          LONGITUDE:  92 24 W

[TEMPERATURE DATA]      [PRECIPITATION DATA]       SYMBOLS USED IN COLUMN 16

AVERAGE MONTHLY: 51.2   TOTAL FOR MONTH:   2.91    1 = FOG OR MIST
DPTR FM NORMAL:   4.7   DPTR FM NORMAL:    0.74    2 = FOG REDUCING VISIBILITY
HIGHEST:    80 ON 17, 1 GRTST 24HR  0.92 ON  8- 9      TO 1/4 MILE OR LESS
LOWEST:     24 ON  4                               3 = THUNDER
                        SNOW, ICE PELLETS, HAIL    4 = ICE PELLETS
                        TOTAL MONTH:    T          5 = HAIL
                        GRTST 24HR    T  ON  9- 9  6 = FREEZING RAIN OR DRIZZLE
                        GRTST DEPTH:   0           7 = DUSTSTORM OR SANDSTORM:
                                                       VSBY 1/2 MILE OR LESS
                                                   8 = SMOKE OR HAZE
[NO. OF DAYS WITH]      [WEATHER - DAYS WITH]      9 = BLOWING SNOW
                                                   X = TORNADO
MAX 32 OR BELOW:   0    0.01 INCH OR MORE:   8
MAX 90 OR ABOVE:   0    0.10 INCH OR MORE:   6
MIN 32 OR BELOW:   5    0.50 INCH OR MORE:   2
MIN  0 OR BELOW:   0    1.00 INCH OR MORE:   0

[HDD (BASE 65) ]
TOTAL THIS MO.   258    CLEAR  (SCALE 0-3)  10
DPTR FM NORMAL   -95    PTCLDY (SCALE 4-7)   6
TOTAL FM JUL 1  6928    CLOUDY (SCALE 8-10)  3
DPTR FM NORMAL   250

[CDD (BASE 65) ]
TOTAL THIS MO.     0
DPTR FM NORMAL     0    [PRESSURE DATA]
TOTAL FM JAN 1     0    HIGHEST SLP M ON M
DPTR FM NORMAL     0    LOWEST  SLP 29.50 ON  9

[REMARKS]
