000
CXUS54 KLCH 261710
CF6BPT
PRELIMINARY LOCAL CLIMATOLOGICAL DATA (WS FORM: F-6)

                                          STATION:   BEAUMONT PORT ARTHUR
                                          MONTH:     APRIL
                                          YEAR:      2015
                                          LATITUDE:   29 57 N
                                          LONGITUDE:  94  1 W

  TEMPERATURE IN F:       :PCPN:    SNOW:  WIND      :SUNSHINE: SKY     :PK WND
================================================================================
1   2   3   4   5  6A  6B    7    8   9   10  11  12  13   14  15   16   17  18
                                     12Z  AVG MX 2MIN
DY MAX MIN AVG DEP HDD CDD  WTR  SNW DPTH SPD SPD DIR MIN PSBL S-S WX    SPD DR
================================================================================

 1  82  63  73   8   0   8 0.00  0.0    0  9.1 18 160   M    M   6 12     24 180
 2  84  69  77  11   0  12    T  0.0    0 12.6 25 190   M    M   7 18     31 190
 3  84  70  77  11   0  12    T  0.0    0  8.6 21 190   M    M   7 1      34 160
 4  75  62  69   3   0   4 0.02  0.0    0 13.3 24  20   M    M   6 1      33  10
 5  73  59  66   0   0   1 0.09  0.0    0  9.1 17 140   M    M   9 1      28  40
 6  80  65  73   7   0   8    T  0.0    0  6.9 16 160   M    M   8 12     20 180
 7  85  69  77  10   0  12 0.00  0.0    0  9.0 17 170   M    M   7 1      30 150
 8  84  72  78  11   0  13 0.00  0.0    0 10.2 20 180   M    M   8 1      26 170
 9   M   M   M   M   M   M    M    M    M   M   M   M   M    M   M 1       M  M
10  83  65  74   7   0   9 1.09  0.0    0  6.9 15  20   M    M   9 13     20  20
11  81  61  71   4   0   6 0.49  0.0    0  7.3 14  40   M    M   7 13     16 140
12  79  68  74   6   0   9 0.63  0.0    0  8.9 20 150   M    M   4 1      25 170
13  87  70  79  11   0  14 0.26  0.0    0  9.3 18 160   M    M   5 13     26 170
14  76  64  70   2   0   5 0.67  0.0    0  5.3 28 200   M    M   5 13     38 180
15  81  62  72   4   0   7 0.00  0.0    0  4.4 10 140   M    M   3 1      35 320
16  80  65  73   4   0   8 4.39  0.0    0  6.5 22  50   M    M   7 13     28  50
17  83  66  75   6   0  10 0.90  0.0    0  9.3 23 130   M    M   7 13     31 140
18  78  65  72   3   0   7 0.37  0.0    0  6.9 16 120   M    M   4 13     22 110
19  85  58  72   3   0   7 0.14  0.0    0  7.6 18 240   M    M   2 13     30 310
20  77  59  68  -2   0   3 0.00  0.0    0  9.3 20 360   M    M   0        25  20
21  79  59  69  -1   0   4 0.00  0.0    0 10.0 23  70   M    M   0        28  70
22  85  65  75   5   0  10 0.00  0.0    0  7.5 13 120   M    M   4 1      18 160
23  88  68  78   8   0  13 0.00  0.0    0  3.0 10 160   M    M   5 12      M  M
24  86  71  79   9   0  14    T  0.0    0  8.1 20 150   M    M   8 138    24 160
25  83  68  76   5   0  11 0.30  0.0    0  7.1 29 320   M    M   5 123    40 320
================================================================================
SM 1958 1563         0 207  9.35     0.0 196.2          M      133
================================================================================
AV 81.6 65.1                               8.2 FASTST   M    M   6    MAX(MPH)
                                 MISC ---->  # 29 320               # 40  320
================================================================================
NOTES:
# LAST OF SEVERAL OCCURRENCES

COLUMN 17 PEAK WIND IN M.P.H.

PRELIMINARY LOCAL CLIMATOLOGICAL DATA (WS FORM: F-6) , PAGE 2

                                          STATION:  BEAUMONT PORT ARTHUR
                                          MONTH:    APRIL
                                          YEAR:     2015
                                          LATITUDE:   29 57 N
                                          LONGITUDE:  94  1 W

[TEMPERATURE DATA]      [PRECIPITATION DATA]       SYMBOLS USED IN COLUMN 16

AVERAGE MONTHLY: 73.4   TOTAL FOR MONTH:   9.35    1 = FOG OR MIST
DPTR FM NORMAL:   5.4   DPTR FM NORMAL:    6.77    2 = FOG REDUCING VISIBILITY
HIGHEST:    88 ON 23    GRTST 24HR  4.41 ON 16-17      TO 1/4 MILE OR LESS
LOWEST:     58 ON 19                               3 = THUNDER
                        SNOW, ICE PELLETS, HAIL    4 = ICE PELLETS
                        TOTAL MONTH:   0.0 INCH    5 = HAIL
                        GRTST 24HR     0.0         6 = FREEZING RAIN OR DRIZZLE
                        GRTST DEPTH:   0           7 = DUSTSTORM OR SANDSTORM:
                                                       VSBY 1/2 MILE OR LESS
                                                   8 = SMOKE OR HAZE
[NO. OF DAYS WITH]      [WEATHER - DAYS WITH]      9 = BLOWING SNOW
                                                   X = TORNADO
MAX 32 OR BELOW:   0    0.01 INCH OR MORE:  12
MAX 90 OR ABOVE:   0    0.10 INCH OR MORE:  10
MIN 32 OR BELOW:   0    0.50 INCH OR MORE:   5
MIN  0 OR BELOW:   0    1.00 INCH OR MORE:   2

[HDD (BASE 65) ]
TOTAL THIS MO.     0    CLEAR  (SCALE 0-3)   4
DPTR FM NORMAL   -39    PTCLDY (SCALE 4-7)  17
TOTAL FM JUL 1  1360    CLOUDY (SCALE 8-10)  3
DPTR FM NORMAL   -40

[CDD (BASE 65) ]
TOTAL THIS MO.   207
DPTR FM NORMAL    96    [PRESSURE DATA]
TOTAL FM JAN 1   286    HIGHEST SLP M ON M
DPTR FM NORMAL    94    LOWEST  SLP 29.73 ON 25

[REMARKS]
