000
CXUS51 KILN 260531
CF6CMH
PRELIMINARY LOCAL CLIMATOLOGICAL DATA (WS FORM: F-6)

                                          STATION:   COLUMBUS OH
                                          MONTH:     APRIL
                                          YEAR:      2015
                                          LATITUDE:   40  0 N
                                          LONGITUDE:  82 53 W

  TEMPERATURE IN F:       :PCPN:    SNOW:  WIND      :SUNSHINE: SKY     :PK WND
================================================================================
1   2   3   4   5  6A  6B    7    8   9   10  11  12  13   14  15   16   17  18
                                     12Z  AVG MX 2MIN
DY MAX MIN AVG DEP HDD CDD  WTR  SNW DPTH SPD SPD DIR MIN PSBL S-S WX    SPD DR
================================================================================

 1  63  29  46  -2  19   0 0.00  0.0    0  4.8 12 180   M    M   1        16 170
 2  63  46  55   7  10   0 0.66  0.0    0  9.9 22 210   M    M   9 138    29 210
 3  62  42  52   3  13   0 0.16  0.0    0  8.0 26 350   M    M  10 18     32 340
 4  51  32  42  -7  23   0 0.00  0.0    0 11.3 23 300   M    M   2        28 300
 5  62  36  49   0  16   0 0.00  0.0    0  8.4 21 230   M    M   5        30 200
 6  65  38  52   2  13   0 0.32  0.0    0  5.4 20 210   M    M   8 1      25 220
 7  65  53  59   9   6   0 0.47  0.0    0  3.4  9 190   M    M  10 1      13 170
 8  67  54  61  11   4   0 0.56  0.0    0  5.1 26 240   M    M  10 13     36 240
 9  74  56  65  14   0   0 0.32  0.0    0  8.6 18 230   M    M   6 138    24 220
10  70  50  60   9   5   0 0.03  0.0    0 15.7 30 270   M    M   7 1      37 290
11  59  39  49  -3  16   0 0.00  0.0    0  5.7 28 320   M    M   2        35 320
12  69  37  53   1  12   0 0.00  0.0    0  3.9 14 130   M    M   6        17 110
13  79  51  65  13   0   0 0.07  0.0    0 10.6 24 310   M    M   7 1      32 230
14  61  48  55   2  10   0 0.00  0.0    0  8.4 17  60   M    M  10        23  60
15  69  46  58   5   7   0 0.00  0.0    0  9.7 22  90   M    M   9        30  90
16  62  52  57   4   8   0 0.10  0.0    0  7.9 17 150   M    M  10 1      22 150
17  74  55  65  11   0   0 0.00  0.0    0  4.4 13 350   M    M   7 18     16 300
18  79  46  63   9   2   0 0.00  0.0    0  5.2 16  60   M    M   6        22  60
19  73  57  65  11   0   0 0.45  0.0    0 14.0 25 110   M    M   9 18     37 150
20  65  46  56   1   9   0 0.26  0.0    0 15.6 30 270   M    M   8 1      37 270
21  61  42  52  -3  13   0 0.01  0.0    0 14.8 37 270   M    M   6        52 250
22  52  37  45 -10  20   0 0.24  0.0    0 13.3 30 280   M    M   9 1      37 290
23  50  34  42 -14  23   0 0.00  0.0    0 12.5 26 290   M    M   5        32 280
24  58  28  43 -13  22   0 0.00  0.0    0  3.5 14 250   M    M   4        18 260
25  51  42  47  -9  18   0 0.39  0.0    0  9.0 21  90   M    M  10 1      26  90
================================================================================
SM 1604 1096       269   0  4.04     0.0 219.1          M      176
================================================================================
AV 64.2 43.8                               8.8 FASTST   M    M   7    MAX(MPH)
                                 MISC ---->  # 37 270               # 52  250
================================================================================
NOTES:
# LAST OF SEVERAL OCCURRENCES

COLUMN 17 PEAK WIND IN M.P.H.

PRELIMINARY LOCAL CLIMATOLOGICAL DATA (WS FORM: F-6) , PAGE 2

                                          STATION:  COLUMBUS OH
                                          MONTH:    APRIL
                                          YEAR:     2015
                                          LATITUDE:   40  0 N
                                          LONGITUDE:  82 53 W

[TEMPERATURE DATA]      [PRECIPITATION DATA]       SYMBOLS USED IN COLUMN 16

AVERAGE MONTHLY: 54.0   TOTAL FOR MONTH:   4.04    1 = FOG OR MIST
DPTR FM NORMAL:   1.8   DPTR FM NORMAL:    1.20    2 = FOG REDUCING VISIBILITY
HIGHEST:    79 ON 18,13 GRTST 24HR  0.77 ON  6- 7      TO 1/4 MILE OR LESS
LOWEST:     28 ON 24                               3 = THUNDER
                        SNOW, ICE PELLETS, HAIL    4 = ICE PELLETS
                        TOTAL MONTH:   0.0 INCH    5 = HAIL
                        GRTST 24HR     0.0         6 = FREEZING RAIN OR DRIZZLE
                        GRTST DEPTH:   0           7 = DUSTSTORM OR SANDSTORM:
                                                       VSBY 1/2 MILE OR LESS
                                                   8 = SMOKE OR HAZE
[NO. OF DAYS WITH]      [WEATHER - DAYS WITH]      9 = BLOWING SNOW
                                                   X = TORNADO
MAX 32 OR BELOW:   0    0.01 INCH OR MORE:  14
MAX 90 OR ABOVE:   0    0.10 INCH OR MORE:  11
MIN 32 OR BELOW:   3    0.50 INCH OR MORE:   2
MIN  0 OR BELOW:   0    1.00 INCH OR MORE:   0

[HDD (BASE 65) ]
TOTAL THIS MO.   269    CLEAR  (SCALE 0-3)   3
DPTR FM NORMAL   -60    PTCLDY (SCALE 4-7)  11
TOTAL FM JUL 1  5657    CLOUDY (SCALE 8-10) 11
DPTR FM NORMAL   617

[CDD (BASE 65) ]
TOTAL THIS MO.     0
DPTR FM NORMAL    -7    [PRESSURE DATA]
TOTAL FM JAN 1     0    HIGHEST SLP 30.31 ON  4
DPTR FM NORMAL    -7    LOWEST  SLP 29.41 ON 20

[REMARKS]
