000
CXUS54 KAMA 011132
CF6DHT
PRELIMINARY LOCAL CLIMATOLOGICAL DATA (WS FORM: F-6)

                                          STATION:   DALHART
                                          MONTH:     MARCH
                                          YEAR:      2015
                                          LATITUDE:   36  1 N
                                          LONGITUDE: 102 33 W

  TEMPERATURE IN F:       :PCPN:    SNOW:  WIND      :SUNSHINE: SKY     :PK WND
================================================================================
1   2   3   4   5  6A  6B    7    8   9   10  11  12  13   14  15   16   17  18
                                     12Z  AVG MX 2MIN
DY MAX MIN AVG DEP HDD CDD  WTR  SNW DPTH SPD SPD DIR MIN PSBL S-S WX    SPD DR
================================================================================

 1  31  24  28 -13  37   0 0.00  0.0    3  6.8 14  30   M    M  10 1      18  30
 2  37  22  30 -12  35   0 0.00  0.0    3 14.0 24 220   M    M   9 1      30 210
 3  55  31  43   1  22   0 0.02    T    T 13.2 22  50   M    M   3 16     27  50
 4  31  16  24 -18  41   0    T  0.8    0 15.9 26  50   M    M  10 1      34  40
 5  47  11  29 -13  36   0 0.00  0.0    0 10.7 20 230   M    M   0        23 240
 6  63  21  42  -1  23   0 0.00  0.0    0  5.9 13 170   M    M   0        15 170
 7  65  26  46   3  19   0 0.00  0.0    0  7.4 16 200   M    M   0        21 200
 8  65  34  50   7  15   0 0.00  0.0    0 10.8 25 360   M    M   0        30 360
 9  65  35  50   6  15   0    T  0.0    0  8.0 22 290   M    M   3        29 290
10  69  33  51   7  14   0 0.00  0.0    0  6.8 18  10   M    M   0        23  10
11  72  35  54  10  11   0 0.00  0.0    0  7.5 14 150   M    M   0        19 130
12  73  31  52   8  13   0 0.00  0.0    0 11.4 23 200   M    M   0        28 210
13  72  35  54   9  11   0 0.00  0.0    0 15.9 32  20   M    M   1        39  20
14  64  37  51   6  14   0 0.00  0.0    0 10.2 21  20   M    M   1        28 350
15  72  24  48   3  17   0 0.00  0.0    0 10.2 21 200   M    M   0        28 240
16  84  33  59  14   6   0 0.00  0.0    0 15.8 28 200   M    M   0        36 210
17  55  39  47   1  18   0 0.00  0.0    0 19.6 35  10   M    M   5        41  20
18  64  39  52   6  13   0    T  0.0    0  9.0 17 170   M    M   6 1      22 190
19  52  43  48   2  17   0 0.06  0.0    0 12.5 22  40   M    M   9 18     26  40
20  62  40  51   5  14   0 0.00  0.0    0  4.4 10 200   M    M   6 1      13 240
21  69  34  52   5  13   0 0.00  0.0    0  6.1 14 200   M    M   0        20 150
22  81  35  58  11   7   0 0.00  0.0    0  6.9 14 140   M    M   0 1      16 140
23  77  39  58  11   7   0 0.00  0.0    0 11.8 25 210   M    M   0        33 230
24  75  39  57  10   8   0 0.00  0.0    0 11.3 22 290   M    M   0        36 290
25  65  38  52   4  13   0    T  0.0    0 20.1 40  10   M    M   3        48  10
26  67  30  49   1  16   0 0.00  0.0    0  9.3 21 260   M    M   0        27 260
27  72  33  53   5  12   0 0.00  0.0    0  6.5 14 180   M    M   0        16 170
28  84  39  62  14   3   0 0.00  0.0    0  8.8 16 230   M    M   0        22 220
29  73  43  58   9   7   0 0.00  0.0    0 15.0 33  10   M    M   2 8      40  10
30  80  42  61  12   4   0 0.00  0.0    0 12.6 31 210   M    M   0 8      37 210
31  83  42  63  14   2   0 0.00  0.0    0  7.3 17 360   M    M   0        19 350
================================================================================
SM 2024 1023       483   0  0.08     0.8 331.7          M       68
================================================================================
AV 65.3 33.0                              10.7 FASTST   M    M   2    MAX(MPH)
                                 MISC ---->  # 40  10               # 48   10
================================================================================
NOTES:
# LAST OF SEVERAL OCCURRENCES

COLUMN 17 PEAK WIND IN M.P.H.

PRELIMINARY LOCAL CLIMATOLOGICAL DATA (WS FORM: F-6) , PAGE 2

                                          STATION:  DALHART
                                          MONTH:    MARCH
                                          YEAR:     2015
                                          LATITUDE:   36  1 N
                                          LONGITUDE: 102 33 W

[TEMPERATURE DATA]      [PRECIPITATION DATA]       SYMBOLS USED IN COLUMN 16

AVERAGE MONTHLY: 49.1   TOTAL FOR MONTH:   0.08    1 = FOG OR MIST
DPTR FM NORMAL:   3.8   DPTR FM NORMAL:   -1.09    2 = FOG REDUCING VISIBILITY
HIGHEST:    84 ON 28,16 GRTST 24HR  0.06 ON 19-19      TO 1/4 MILE OR LESS
LOWEST:     11 ON  5                               3 = THUNDER
                        SNOW, ICE PELLETS, HAIL    4 = ICE PELLETS
                        TOTAL MONTH:   0.8 INCH    5 = HAIL
                        GRTST 24HR   0.8 ON   M    6 = FREEZING RAIN OR DRIZZLE
                        GRTST DEPTH:   3 ON  2, 1  7 = DUSTSTORM OR SANDSTORM:
                                                       VSBY 1/2 MILE OR LESS
                                                   8 = SMOKE OR HAZE
[NO. OF DAYS WITH]      [WEATHER - DAYS WITH]      9 = BLOWING SNOW
                                                   X = TORNADO
MAX 32 OR BELOW:   2    0.01 INCH OR MORE:   2
MAX 90 OR ABOVE:   0    0.10 INCH OR MORE:   0
MIN 32 OR BELOW:  10    0.50 INCH OR MORE:   0
MIN  0 OR BELOW:   0    1.00 INCH OR MORE:   0

[HDD (BASE 65) ]
TOTAL THIS MO.   483    CLEAR  (SCALE 0-3)  23
DPTR FM NORMAL  -128    PTCLDY (SCALE 4-7)   4
TOTAL FM JUL 1  3776    CLOUDY (SCALE 8-10)  4
DPTR FM NORMAL  -478

[CDD (BASE 65) ]
TOTAL THIS MO.     0
DPTR FM NORMAL     0    [PRESSURE DATA]
TOTAL FM JAN 1     0    HIGHEST SLP 30.53 ON  5
DPTR FM NORMAL     0    LOWEST  SLP 29.69 ON  3

[REMARKS]
#FINAL-03-15#
