000
CXUS54 KSHV 271300
CF6ELD
PRELIMINARY LOCAL CLIMATOLOGICAL DATA (WS FORM: F-6)

                                          STATION:   EL DORADO
                                          MONTH:     APRIL
                                          YEAR:      2015
                                          LATITUDE:   33 13 N
                                          LONGITUDE:  92 49 W

  TEMPERATURE IN F:       :PCPN:    SNOW:  WIND      :SUNSHINE: SKY     :PK WND
================================================================================
1   2   3   4   5  6A  6B    7    8   9   10  11  12  13   14  15   16   17  18
                                     12Z  AVG MX 2MIN
DY MAX MIN AVG DEP HDD CDD  WTR  SNW DPTH SPD SPD DIR MIN PSBL S-S WX    SPD DR
================================================================================

 1  84  57  71  11   0   6 0.00  0.0    0  9.9 21 190   M    M   5 18     30 180
 2  83  66  75  15   0  10 0.00  0.0    0 13.2 21 190   M    M   8        29 160
 3  82  57  70  10   0   5 0.31  0.0    0 11.8 22 330   M    M   7 13     29 340
 4  67  45  56  -5   9   0 0.00  0.0    0  7.2 17  50   M    M   0        24  60
 5  58  41  50 -11  15   0 0.27  0.0    0  4.6 12 110   M    M   7 1      16 140
 6  79  55  67   6   0   2    T  0.0    0  8.4 20 160   M    M   7 1      28 190
 7  84  65  75  14   0  10 0.00  0.0    0  8.4 18 180   M    M   4        25 180
 8  84  65  75  13   0  10    T  0.0    0  8.7 20 180   M    M   4 1      25 190
 9  82  67  75  13   0  10 0.09  0.0    0  8.7 24 180   M    M   7 13     33 170
10  69  46  58  -4   7   0 0.02  0.0    0  5.8 16  20   M    M   1 13     24 350
11  77  42  60  -2   5   0 0.00  0.0    0  5.0 15  60   M    M   0        20  30
12  81  52  67   5   0   2    T  0.0    0  5.2 17 160   M    M   4        20 150
13  73  62  68   5   0   3 0.39  0.0    0  4.7 15 330   M    M   9 123    18 330
14  62  58  60  -3   5   0    T  0.0    0  7.5 14  40   M    M  10 1      18  30
15  73  53  63   0   2   0 0.02  0.0    0  5.5 15 230   M    M   6 1      21 190
16  82  49  66   2   0   1    T  0.0    0  4.4 12 130   M    M   2        15 110
17  82  62  72   8   0   7 0.00  0.0    0  3.5 15  50   M    M   4        19  50
18  70  63  67   3   0   2 1.00  0.0    0  5.2 12  50   M    M   8 1      14  50
19  80  60  70   6   0   5 0.04  0.0    0  7.8 20 200   M    M   4 13     27 200
20  70  49  60  -4   5   0 0.00  0.0    0  7.5 20 330   M    M   1        26 310
21  71  43  57  -8   8   0 0.00  0.0    0  3.5 15 200   M    M   1        19 180
22  80  48  64  -1   1   0 0.34    M    0  3.4 15 260   M    M   3 13     19 240
23  64  57  61  -4   4   0    T  0.0    0  7.4 14  60   M    M   8 13     18  60
24  64  56  60  -6   5   0 0.83  0.0    0  7.0 29 290   M    M   7 13     41 300
25  87  59  73   7   0   8 0.00  0.0    0  7.0 18 230   M    M   4 18     26 240
26  87  55  71   5   0   6 0.00  0.0    0  6.9 20  40   M    M   1        24  50
================================================================================
SM 1975 1432        66  87  3.31     0.0 178.2          M      122
================================================================================
AV 76.0 55.1                               6.9 FASTST   M    M   5    MAX(MPH)
                                 MISC ---->  # 29 290               # 41  300
================================================================================
NOTES:
# LAST OF SEVERAL OCCURRENCES

COLUMN 17 PEAK WIND IN M.P.H.

PRELIMINARY LOCAL CLIMATOLOGICAL DATA (WS FORM: F-6) , PAGE 2

                                          STATION:  EL DORADO
                                          MONTH:    APRIL
                                          YEAR:     2015
                                          LATITUDE:   33 13 N
                                          LONGITUDE:  92 49 W

[TEMPERATURE DATA]      [PRECIPITATION DATA]       SYMBOLS USED IN COLUMN 16

AVERAGE MONTHLY: 65.5   TOTAL FOR MONTH:   3.31    1 = FOG OR MIST
DPTR FM NORMAL:   2.6   DPTR FM NORMAL:   -0.22    2 = FOG REDUCING VISIBILITY
HIGHEST:    87 ON 26,25 GRTST 24HR  1.00 ON 18-18      TO 1/4 MILE OR LESS
LOWEST:     41 ON  5                               3 = THUNDER
                        SNOW, ICE PELLETS, HAIL    4 = ICE PELLETS
                        TOTAL MONTH:   0.0 INCH    5 = HAIL
                        GRTST 24HR     0.0         6 = FREEZING RAIN OR DRIZZLE
                        GRTST DEPTH:   0           7 = DUSTSTORM OR SANDSTORM:
                                                       VSBY 1/2 MILE OR LESS
                                                   8 = SMOKE OR HAZE
[NO. OF DAYS WITH]      [WEATHER - DAYS WITH]      9 = BLOWING SNOW
                                                   X = TORNADO
MAX 32 OR BELOW:   0    0.01 INCH OR MORE:  10
MAX 90 OR ABOVE:   0    0.10 INCH OR MORE:   6
MIN 32 OR BELOW:   0    0.50 INCH OR MORE:   2
MIN  0 OR BELOW:   0    1.00 INCH OR MORE:   1

[HDD (BASE 65) ]
TOTAL THIS MO.    66    CLEAR  (SCALE 0-3)   8
DPTR FM NORMAL   -44    PTCLDY (SCALE 4-7)  16
TOTAL FM JUL 1  2899    CLOUDY (SCALE 8-10)  2
DPTR FM NORMAL   253

[CDD (BASE 65) ]
TOTAL THIS MO.    87
DPTR FM NORMAL    30    [PRESSURE DATA]
TOTAL FM JAN 1   101    HIGHEST SLP M ON M
DPTR FM NORMAL    16    LOWEST  SLP 29.61 ON 26

[REMARKS]
