000
CXUS52 KFFC 271110
CF6FFC
PRELIMINARY LOCAL CLIMATOLOGICAL DATA (WS FORM: F-6)

                                          STATION:   PEACHTREE CITY
                                          MONTH:     APRIL
                                          YEAR:      2015
                                          LATITUDE:   33 20 N
                                          LONGITUDE:  84 34 W

  TEMPERATURE IN F:       :PCPN:    SNOW:  WIND      :SUNSHINE: SKY     :PK WND
================================================================================
1   2   3   4   5  6A  6B    7    8   9   10  11  12  13   14  15   16   17  18
                                     12Z  AVG MX 2MIN
DY MAX MIN AVG DEP HDD CDD  WTR  SNW DPTH SPD SPD DIR MIN PSBL S-S WX    SPD DR
================================================================================

 1  81  55  68  11   0   3 0.35    M    M  3.2 13 320   M    M   3 13     17 320
 2  78  54  66   9   0   1 0.00    M    M  5.1 12 140   M    M   5 18     18 140
 3  83  51  67  10   0   2 0.00    M    M  5.0 16 190   M    M   0 1      25 230
 4  71  45  58   0   7   0 0.18  0.0    0  9.8 21 350   M    M   3 13     29 340
 5  71  38  55  -3  10   0 0.00  0.0    0  5.5 17 120   M    M   0        24 120
 6  74  54  64   6   1   0    T  0.0    M  5.1 16 150   M    M   9 18     21 130
 7  83  62  73  15   0   8 0.00  0.0    M  2.2 12 120   M    M   5 128    16 250
 8  88  56  72  13   0   7 0.00  0.0    M  2.4 12 260   M    M   0 18     18 210
 9  86  59  73  14   0   8 0.00    M    M  3.4 13 250   M    M   1 18     19 190
10  76  65  71  12   0   6 0.93    M    M  3.2 13 310   M    M   5 138    15 320
11  81  52  67   8   0   2 0.00  0.0    M  5.5 12 350   M    M   2        16 330
12  69  48  59  -1   6   0 0.12  0.0    0  4.6 17  90   M    M   6 18     24  90
13  74  62  68   8   0   3 0.12    M    M  5.3 17 130   M    M   9 1      22 120
14  81  67  74  14   0   9 0.13  0.0    M  4.5 13 250   M    M   7 1      19 250
15  78  57  68   8   0   3 0.19  0.0    M  3.6 13  80   M    M   7 18     18  90
16  57  54  56  -5   9   0 0.44    M    M  6.4 17  90   M    M  10 1      23  80
17  63  55  59  -2   6   0 0.80    M    M  3.3  8  90   M    M  10 1      11  90
18  75  62  69   8   0   4 0.29    M    M  2.3  8 140   M    M   7 1      10 140
19  71  63  67   6   0   2 1.32  0.0    M  5.1 12 170   M    M   6 13     20 230
20  77  59  68   6   0   3 0.00    M    M  7.0 16 260   M    M   3 1      27 240
21  72  46  59  -3   6   0 0.00    M    M  5.9 18 280   M    M   0        28 300
22  80  42  61  -1   4   0 0.00    M    M  4.3 20 310   M    M   0        27 320
23  71  49  60  -2   5   0    T    M    M  4.2 14 330   M    M   1 1      18 340
24  78  43  61  -2   4   0 0.00    M    M  1.4 10 130   M    M   1        13 120
25  81  60  71   8   0   6 1.14    M    M  3.9 18 310   M    M   6 13     25 170
26  83  61  72   9   0   7 0.00    M    M  8.1 20 290   M    M   4 1      27 280
================================================================================
SM 1982 1419        58  74  6.01     0.0 120.3          M      110
================================================================================
AV 76.2 54.6                               4.6 FASTST   M    M   4    MAX(MPH)
                                 MISC ---->  # 21 350               # 29  340
================================================================================
NOTES:
# LAST OF SEVERAL OCCURRENCES

COLUMN 17 PEAK WIND IN M.P.H.

PRELIMINARY LOCAL CLIMATOLOGICAL DATA (WS FORM: F-6) , PAGE 2

                                          STATION:  PEACHTREE CITY
                                          MONTH:    APRIL
                                          YEAR:     2015
                                          LATITUDE:   33 20 N
                                          LONGITUDE:  84 34 W

[TEMPERATURE DATA]      [PRECIPITATION DATA]       SYMBOLS USED IN COLUMN 16

AVERAGE MONTHLY: 65.4   TOTAL FOR MONTH:   6.01    1 = FOG OR MIST
DPTR FM NORMAL:   5.4   DPTR FM NORMAL:    2.53    2 = FOG REDUCING VISIBILITY
HIGHEST:    88 ON  8    GRTST 24HR  1.33 ON 18-19      TO 1/4 MILE OR LESS
LOWEST:     38 ON  5                               3 = THUNDER
                        SNOW, ICE PELLETS, HAIL    4 = ICE PELLETS
                        TOTAL MONTH:   0.0 INCH    5 = HAIL
                        GRTST 24HR     0.0         6 = FREEZING RAIN OR DRIZZLE
                        GRTST DEPTH:   0           7 = DUSTSTORM OR SANDSTORM:
                                                       VSBY 1/2 MILE OR LESS
                                                   8 = SMOKE OR HAZE
[NO. OF DAYS WITH]      [WEATHER - DAYS WITH]      9 = BLOWING SNOW
                                                   X = TORNADO
MAX 32 OR BELOW:   0    0.01 INCH OR MORE:  12
MAX 90 OR ABOVE:   0    0.10 INCH OR MORE:  12
MIN 32 OR BELOW:   0    0.50 INCH OR MORE:   4
MIN  0 OR BELOW:   0    1.00 INCH OR MORE:   2

[HDD (BASE 65) ]
TOTAL THIS MO.    58    CLEAR  (SCALE 0-3)  10
DPTR FM NORMAL   -96    PTCLDY (SCALE 4-7)  12
TOTAL FM JUL 1  2843    CLOUDY (SCALE 8-10)  4
DPTR FM NORMAL   -63

[CDD (BASE 65) ]
TOTAL THIS MO.    74
DPTR FM NORMAL    51    [PRESSURE DATA]
TOTAL FM JAN 1    79    HIGHEST SLP M ON M
DPTR FM NORMAL    51    LOWEST  SLP 29.58 ON 26

[REMARKS]
