000
CXUS54 KAMA 251015
CF6GUY
PRELIMINARY LOCAL CLIMATOLOGICAL DATA (WS FORM: F-6)

                                          STATION:   GUYMON
                                          MONTH:     APRIL
                                          YEAR:      2015
                                          LATITUDE:   36 41 N
                                          LONGITUDE: 101 30 W

  TEMPERATURE IN F:       :PCPN:    SNOW:  WIND      :SUNSHINE: SKY     :PK WND
================================================================================
1   2   3   4   5  6A  6B    7    8   9   10  11  12  13   14  15   16   17  18
                                     12Z  AVG MX 2MIN
DY MAX MIN AVG DEP HDD CDD  WTR  SNW DPTH SPD SPD DIR MIN PSBL S-S WX    SPD DR
================================================================================

 1  89  48  69  18   0   4 0.00  0.0    0 14.0 35 360   M    M   0 8      46 340
 2  78  43  61  10   4   0 0.00  0.0    0 11.8 44  10   M    M   1 8      54  20
 3  58  35  47  -5  18   0 0.00  0.0    0 16.5 37 360   M    M   6 8      46 350
 4  68  29  49  -3  16   0 0.00  0.0    0 13.8 29 200   M    M   0        40 190
 5  85  48  67  15   0   2 0.00  0.0    0 13.8 29 210   M    M   0        35 210
 6  87  42  65  13   0   0 0.00  0.0    0 15.2 30 220   M    M   0        40 220
 7  85  42  64  11   1   0 0.00  0.0    0  8.8 24 210   M    M   0        28 200
 8  89  46  68  15   0   3 0.00  0.0    0 13.5 39 230   M    M   0        50 220
 9  65  39  52  -1  13   0 0.00  0.0    0 16.9 32 350   M    M   1        42 330
10  70  28  49  -5  16   0 0.00  0.0    0  9.5 20 190   M    M   0        27 180
11  73  43  58   4   7   0 0.02  0.0    0 14.3 26 170   M    M   2 3      36 170
12  83  56  70  16   0   5 0.00  0.0    0 12.1 36  20   M    M   1        46  20
13  69  46  58   4   7   0 0.00  0.0    0 14.8 26  50   M    M   0        36  40
14  71  35  53  -2  12   0 0.00  0.0    0  7.8 18 150   M    M   0        24 140
15  85  47  66  11   0   1    T  0.0    0 16.4 45 240   M    M   2        63 230
16  69  48  59   4   6   0 0.06    M    0 10.8 23  90   M    M   5 3      28  90
17  74  51  63   7   2   0 0.18  0.0    0 13.6 23 180   M    M   6 13     35 180
18  71  35  53  -3  12   0    T  0.0    0  9.9 31 280   M    M   1 1      39 280
19  62  38  50  -6  15   0    T  0.0    0 19.3 44 360   M    M   5        54  10
20  67  43  55  -2  10   0    T  0.0    0  7.0 20 170   M    M   8        28 170
21  79  36  58   1   7   0    T  0.0    0  6.6 25 270   M    M   1        37 300
22  70  42  56  -1   9   0 0.03  0.0    0 10.5 28 150   M    M   5 13     37 150
23  73  49  61   3   4   0 0.00  0.0    0 12.4 24 150   M    M   6 1      33 150
24  81  49  65   7   0   0    T  0.0    0 12.0 39 230   M    M   2 3      48 230
================================================================================
SM 1801 1018       159  15  0.29     0.0 301.3          M       52
================================================================================
AV 75.0 42.4                              12.6 FASTST   M    M   2    MAX(MPH)
                                 MISC ---->  # 45 240               # 63  230
================================================================================
NOTES:
# LAST OF SEVERAL OCCURRENCES

COLUMN 17 PEAK WIND IN M.P.H.

PRELIMINARY LOCAL CLIMATOLOGICAL DATA (WS FORM: F-6) , PAGE 2

                                          STATION:  GUYMON
                                          MONTH:    APRIL
                                          YEAR:     2015
                                          LATITUDE:   36 41 N
                                          LONGITUDE: 101 30 W

[TEMPERATURE DATA]      [PRECIPITATION DATA]       SYMBOLS USED IN COLUMN 16

AVERAGE MONTHLY: 58.7   TOTAL FOR MONTH:   0.29    1 = FOG OR MIST
DPTR FM NORMAL:   4.4   DPTR FM NORMAL:   -0.91    2 = FOG REDUCING VISIBILITY
HIGHEST:    89 ON  8, 1 GRTST 24HR  0.22 ON 16-17      TO 1/4 MILE OR LESS
LOWEST:     28 ON 10                               3 = THUNDER
                        SNOW, ICE PELLETS, HAIL    4 = ICE PELLETS
                        TOTAL MONTH:   0.0 INCH    5 = HAIL
                        GRTST 24HR     0.0         6 = FREEZING RAIN OR DRIZZLE
                        GRTST DEPTH:   0           7 = DUSTSTORM OR SANDSTORM:
                                                       VSBY 1/2 MILE OR LESS
                                                   8 = SMOKE OR HAZE
[NO. OF DAYS WITH]      [WEATHER - DAYS WITH]      9 = BLOWING SNOW
                                                   X = TORNADO
MAX 32 OR BELOW:   0    0.01 INCH OR MORE:   4
MAX 90 OR ABOVE:   0    0.10 INCH OR MORE:   1
MIN 32 OR BELOW:   2    0.50 INCH OR MORE:   0
MIN  0 OR BELOW:   0    1.00 INCH OR MORE:   0

[HDD (BASE 65) ]
TOTAL THIS MO.   159    CLEAR  (SCALE 0-3)  17
DPTR FM NORMAL  -107    PTCLDY (SCALE 4-7)   7
TOTAL FM JUL 1  3829    CLOUDY (SCALE 8-10)  0
DPTR FM NORMAL  -485

[CDD (BASE 65) ]
TOTAL THIS MO.    15
DPTR FM NORMAL    11    [PRESSURE DATA]
TOTAL FM JAN 1    16    HIGHEST SLP M ON M
DPTR FM NORMAL    10    LOWEST  SLP 29.46 ON  8

[REMARKS]
