000
CXUS54 KEWX 260910
CF6HDO
PRELIMINARY LOCAL CLIMATOLOGICAL DATA (WS FORM: F-6)

                                          STATION:   HONDO
                                          MONTH:     APRIL
                                          YEAR:      2015
                                          LATITUDE:   29 21 N
                                          LONGITUDE:  99 10 W

  TEMPERATURE IN F:       :PCPN:    SNOW:  WIND      :SUNSHINE: SKY     :PK WND
================================================================================
1   2   3   4   5  6A  6B    7    8   9   10  11  12  13   14  15   16   17  18
                                     12Z  AVG MX 2MIN
DY MAX MIN AVG DEP HDD CDD  WTR  SNW DPTH SPD SPD DIR MIN PSBL S-S WX    SPD DR
================================================================================

 1  83  66  75  10   0  10    T  0.0    0 10.1 18 140   M    M   6 1      24 140
 2  84  68  76  10   0  11 0.00  0.0    0  9.7 16 140   M    M   6 18     20 190
 3  79  66  73   7   0   8    T  0.0    0  8.2 20  30   M    M   8 18     25  30
 4  67  57  62  -4   3   0    T    M    0 11.5 24  40   M    M  10 1      32  40
 5  73  57  65  -1   0   0 0.00    M    0  5.3 13 130   M    M   9 1      19 150
 6  81  67  74   8   0   9 0.00  0.0    0  9.9 23 130   M    M   8 1      28 130
 7  86  67  77  10   0  12 0.00  0.0    0 11.3 21 160   M    M   5 1      28 150
 8  82  68  75   8   0  10    T  0.0    0 11.8 23 140   M    M   6 1      28 140
 9  86  67  77  10   0  12    T  0.0    0  7.4 17 140   M    M   4 1      21 130
10  76  60  68   1   0   3 0.76  0.0    0 10.6 25  20   M    M   3 13     31  10
11  72  58  65  -3   0   0    T  0.0    0  8.4 14 110   M    M   9 18     18 110
12  78  63  71   3   0   6 0.62  0.0    M  9.0 39 280   M    M   8 13     49 280
13  82  62  72   4   0   7 0.00  0.0    0  6.2 14  10   M    M   4 1      16 360
14  77  61  69   1   0   4 0.00    M    0  7.8 22 360   M    M   2        27 360
15  77  55  66  -3   0   1 0.00    M    0  6.9 14 130   M    M   8        18 170
16  74  66  70   1   0   5    T  0.0    0  6.9 20 150   M    M   8 1      23 150
17  72  61  67  -2   0   2 0.22  0.0    0 10.0 20  30   M    M   9 123    25  40
18  80  62  71   2   0   6 0.00  0.0    0  7.2 17 140   M    M   6 1      21 140
19  87  60  74   4   0   9 0.00  0.0    0  7.2 15 250   M    M   5 128    20 240
20  73  56  65  -5   0   0 0.00  0.0    0  9.0 16 120   M    M   1        28 140
21  75  49  62  -8   3   0 0.00  0.0    0  6.7 14 160   M    M   7        17 160
22  75  66  71   1   0   6 0.65  0.0    0  7.9 13 110   M    M  10 13     16 110
23  84  70  77   6   0  12    T  0.0    0  5.1 12 130   M    M   7 128    16 220
24  80  67  74   3   0   9 0.09    M    0  7.5 17 170   M    M   9 138    24 140
25  89  64  77   6   0  12 1.33    M    M  5.1 33 310   M    M   2 123    39 310
================================================================================
SM 1972 1563         6 154  3.67     0.0 206.7          M      160
================================================================================
AV 78.9 62.5                               8.3 FASTST   M    M   6    MAX(MPH)
                                 MISC ---->  # 39 280               # 49  280
================================================================================
NOTES:
# LAST OF SEVERAL OCCURRENCES

COLUMN 17 PEAK WIND IN M.P.H.

PRELIMINARY LOCAL CLIMATOLOGICAL DATA (WS FORM: F-6) , PAGE 2

                                          STATION:  HONDO
                                          MONTH:    APRIL
                                          YEAR:     2015
                                          LATITUDE:   29 21 N
                                          LONGITUDE:  99 10 W

[TEMPERATURE DATA]      [PRECIPITATION DATA]       SYMBOLS USED IN COLUMN 16

AVERAGE MONTHLY: 70.7   TOTAL FOR MONTH:   3.67    1 = FOG OR MIST
DPTR FM NORMAL:   2.5   DPTR FM NORMAL:    2.11    2 = FOG REDUCING VISIBILITY
HIGHEST:    89 ON 25    GRTST 24HR  1.34 ON 24-25      TO 1/4 MILE OR LESS
LOWEST:     49 ON 21                               3 = THUNDER
                        SNOW, ICE PELLETS, HAIL    4 = ICE PELLETS
                        TOTAL MONTH:   0.0 INCH    5 = HAIL
                        GRTST 24HR     0.0         6 = FREEZING RAIN OR DRIZZLE
                        GRTST DEPTH:   0           7 = DUSTSTORM OR SANDSTORM:
                                                       VSBY 1/2 MILE OR LESS
                                                   8 = SMOKE OR HAZE
[NO. OF DAYS WITH]      [WEATHER - DAYS WITH]      9 = BLOWING SNOW
                                                   X = TORNADO
MAX 32 OR BELOW:   0    0.01 INCH OR MORE:   6
MAX 90 OR ABOVE:   0    0.10 INCH OR MORE:   5
MIN 32 OR BELOW:   0    0.50 INCH OR MORE:   4
MIN  0 OR BELOW:   0    1.00 INCH OR MORE:   1

[HDD (BASE 65) ]
TOTAL THIS MO.     6    CLEAR  (SCALE 0-3)   3
DPTR FM NORMAL   -36    PTCLDY (SCALE 4-7)  14
TOTAL FM JUL 1  1793    CLOUDY (SCALE 8-10)  8
DPTR FM NORMAL   209

[CDD (BASE 65) ]
TOTAL THIS MO.   154
DPTR FM NORMAL    35    [PRESSURE DATA]
TOTAL FM JAN 1   194    HIGHEST SLP M ON M
DPTR FM NORMAL    -3    LOWEST  SLP 29.67 ON 24

[REMARKS]
